Last updated on 2023-06-01 23:00:12 CEST.
Flavor | Version | Tinstall | Tcheck | Ttotal | Status | Flags |
---|---|---|---|---|---|---|
r-devel-linux-x86_64-debian-clang | 1.0.6 | 44.98 | 498.78 | 543.76 | OK | |
r-devel-linux-x86_64-debian-gcc | 1.0.6 | 35.72 | 366.00 | 401.72 | OK | |
r-devel-linux-x86_64-fedora-clang | 1.0.6 | 678.91 | NOTE | |||
r-devel-linux-x86_64-fedora-gcc | 1.0.6 | 680.93 | NOTE | |||
r-devel-windows-x86_64 | 1.0.6 | 36.00 | 326.00 | 362.00 | OK | |
r-patched-linux-x86_64 | 1.0.6 | OK | ||||
r-release-linux-x86_64 | 1.0.6 | 42.77 | 461.10 | 503.87 | OK | |
r-release-macos-arm64 | 1.0.6 | 157.00 | OK | |||
r-release-macos-x86_64 | 1.0.6 | 303.00 | OK | |||
r-release-windows-x86_64 | 1.0.6 | 48.00 | 434.00 | 482.00 | OK | |
r-oldrel-macos-arm64 | 1.0.6 | 128.00 | NOTE | |||
r-oldrel-macos-x86_64 | 1.0.6 | 197.00 | NOTE | |||
r-oldrel-windows-x86_64 | 1.0.6 | 48.00 | 415.00 | 463.00 | OK |
Version: 1.0.6
Check: dependencies in R code
Result: NOTE
Namespace in Imports field not imported from: ‘rgdal’
All declared Imports should be used.
Flavors: r-devel-linux-x86_64-fedora-clang, r-devel-linux-x86_64-fedora-gcc, r-oldrel-macos-arm64, r-oldrel-macos-x86_64
Version: 1.0.6
Check: Rd cross-references
Result: NOTE
Undeclared package ‘picante’ in Rd xrefs
Flavor: r-devel-linux-x86_64-fedora-clang