Last updated on 2023-12-08 16:54:17 CET.
Flavor | Version | Tinstall | Tcheck | Ttotal | Status | Flags |
---|---|---|---|---|---|---|
r-devel-linux-x86_64-debian-clang | 0.4.3 | 5.27 | 78.21 | 83.48 | NOTE | |
r-devel-linux-x86_64-debian-gcc | 0.4.3 | 4.18 | 58.66 | 62.84 | NOTE | |
r-devel-linux-x86_64-fedora-clang | 0.4.3 | 104.04 | OK | |||
r-devel-linux-x86_64-fedora-gcc | 0.4.3 | 111.63 | OK | |||
r-devel-windows-x86_64 | 0.4.3 | 6.00 | 85.00 | 91.00 | OK | |
r-patched-linux-x86_64 | 0.4.3 | 3.63 | 75.84 | 79.47 | OK | |
r-release-linux-x86_64 | 0.4.3 | 3.01 | 74.28 | 77.29 | OK | |
r-release-macos-arm64 | 0.4.3 | 35.00 | OK | |||
r-release-macos-x86_64 | 0.4.3 | 70.00 | OK | |||
r-release-windows-x86_64 | 0.4.3 | 8.00 | 96.00 | 104.00 | OK | |
r-oldrel-macos-arm64 | 0.4.3 | 52.00 | OK | |||
r-oldrel-macos-x86_64 | 0.4.3 | 76.00 | OK | |||
r-oldrel-windows-x86_64 | 0.4.3 | 7.00 | 90.00 | 97.00 | OK |
Version: 0.4.3
Check: Rd files
Result: NOTE
checkRd: (-1) McCree_photosynthesis.mspct.Rd:18: Lost braces; missing escapes or markup?
18 | Irradiance was in the range 10 to 15 W m$^{-2}$.
| ^
Flavors: r-devel-linux-x86_64-debian-clang, r-devel-linux-x86_64-debian-gcc