Last updated on 2023-12-11 11:53:42 CET.
Flavor | Version | Tinstall | Tcheck | Ttotal | Status | Flags |
---|---|---|---|---|---|---|
r-devel-linux-x86_64-debian-clang | 0.4.27 | 5.89 | 141.90 | 147.79 | NOTE | |
r-devel-linux-x86_64-debian-gcc | 0.4.27 | 6.13 | 105.29 | 111.42 | NOTE | |
r-devel-linux-x86_64-fedora-clang | 0.4.27 | 189.68 | OK | |||
r-devel-linux-x86_64-fedora-gcc | 0.4.27 | 191.54 | OK | |||
r-devel-windows-x86_64 | 0.4.27 | 8.00 | 143.00 | 151.00 | OK | |
r-patched-linux-x86_64 | 0.4.27 | 5.68 | 137.19 | 142.87 | OK | |
r-release-linux-x86_64 | 0.4.27 | 4.61 | 137.32 | 141.93 | OK | |
r-release-macos-arm64 | 0.4.27 | 55.00 | OK | |||
r-release-macos-x86_64 | 0.4.27 | 117.00 | OK | |||
r-release-windows-x86_64 | 0.4.27 | 12.00 | 165.00 | 177.00 | OK | |
r-oldrel-macos-arm64 | 0.4.27 | 140.00 | OK | |||
r-oldrel-macos-x86_64 | 0.4.27 | 132.00 | OK | |||
r-oldrel-windows-x86_64 | 0.4.27 | 10.00 | 162.00 | 172.00 | OK |
Version: 0.4.27
Check: Rd files
Result: NOTE
checkRd: (-1) read_cid_spectravue_csv.Rd:46: Lost braces
46 | function code{range()} will return range of wavelengths expressed in
| ^
checkRd: (-1) read_fmi2mspct.Rd:78: Lost braces; missing escapes or markup?
78 | \code{tz = UTC} and {time.shift.min = 120} to convert times to UTC. This
| ^
Flavors: r-devel-linux-x86_64-debian-clang, r-devel-linux-x86_64-debian-gcc