CRAN Package Check Results for Package phenofit

Last updated on 2022-09-27 21:53:57 CEST.

Flavor Version Tinstall Tcheck Ttotal Status Flags
r-devel-linux-x86_64-debian-clang 0.3.2 77.93 217.38 295.31 OK
r-devel-linux-x86_64-debian-gcc 0.3.2 63.63 179.66 243.29 OK
r-devel-linux-x86_64-fedora-clang 0.3.2 388.11 OK
r-devel-linux-x86_64-fedora-gcc 0.3.2 359.44 OK
r-devel-windows-x86_64 0.3.2 116.00 321.00 437.00 OK
r-patched-linux-x86_64 0.3.2 70.57 198.52 269.09 OK
r-release-linux-x86_64 0.3.2 65.39 199.94 265.33 OK
r-release-macos-arm64 0.3.2 90.00 OK
r-release-macos-x86_64 0.3.2 159.00 OK
r-release-windows-x86_64 0.3.2 123.00 307.00 430.00 OK
r-oldrel-macos-arm64 0.3.2 101.00 NOTE
r-oldrel-macos-x86_64 0.3.2 116.00 OK
r-oldrel-windows-ix86+x86_64 0.3.2 186.00 372.00 558.00 OK

Check Details

Version: 0.3.2
Check: installed package size
Result: NOTE
     installed size is 5.2Mb
     sub-directories of 1Mb or more:
     libs 4.1Mb
Flavor: r-oldrel-macos-arm64