CRAN Package Check Results for Package phateR

Last updated on 2020-06-01 06:48:33 CEST.

Flavor Version Tinstall Tcheck Ttotal Status Flags
r-devel-linux-x86_64-debian-clang 1.0.4 11.36 79.76 91.12 OK
r-devel-linux-x86_64-debian-gcc 1.0.4 8.38 61.17 69.55 OK
r-devel-linux-x86_64-fedora-clang 1.0.4 117.09 NOTE
r-devel-linux-x86_64-fedora-gcc 1.0.4 111.82 OK
r-devel-windows-ix86+x86_64 1.0.4 29.00 99.00 128.00 NOTE
r-patched-linux-x86_64 1.0.4 10.16 78.45 88.61 OK
r-patched-solaris-x86 1.0.4 165.40 NOTE
r-release-linux-x86_64 1.0.4 10.20 78.67 88.87 OK
r-release-osx-x86_64 1.0.4 NOTE
r-release-windows-ix86+x86_64 1.0.4 22.00 119.00 141.00 NOTE
r-oldrel-osx-x86_64 1.0.4 NOTE
r-oldrel-windows-ix86+x86_64 1.0.4 27.00 124.00 151.00 NOTE

Check Details

Version: 1.0.4
Check: installed package size
Result: NOTE
     installed size is 5.2Mb
     sub-directories of 1Mb or more:
     data 2.3Mb
     examples 2.6Mb
Flavors: r-devel-linux-x86_64-fedora-clang, r-devel-windows-ix86+x86_64, r-patched-solaris-x86, r-release-osx-x86_64, r-release-windows-ix86+x86_64, r-oldrel-osx-x86_64, r-oldrel-windows-ix86+x86_64