CRAN Package Check Results for Package phase1RMD

Last updated on 2021-09-19 11:50:11 CEST.

Flavor Version Tinstall Tcheck Ttotal Status Flags
r-devel-linux-x86_64-debian-clang 1.0.9 9.90 70.49 80.39 OK
r-devel-linux-x86_64-debian-gcc 1.0.9 6.89 51.43 58.32 OK
r-devel-linux-x86_64-fedora-clang 1.0.9 101.88 OK
r-devel-linux-x86_64-fedora-gcc 1.0.9 89.09 OK
r-devel-windows-x86_64 1.0.9 13.00 83.00 96.00 OK
r-devel-windows-x86_64-gcc10-UCRT 1.0.9 ERROR
r-patched-linux-x86_64 1.0.9 10.91 65.34 76.25 OK
r-patched-solaris-x86 1.0.9 137.10 OK
r-release-linux-x86_64 1.0.9 9.34 65.16 74.50 OK
r-release-macos-arm64 1.0.9 OK
r-release-macos-x86_64 1.0.9 OK
r-release-windows-ix86+x86_64 1.0.9 21.00 63.00 84.00 OK
r-oldrel-macos-x86_64 1.0.9 OK
r-oldrel-windows-ix86+x86_64 1.0.9 21.00 60.00 81.00 OK

Check Details

Version: 1.0.9
Check: whether package can be installed
Result: WARN
    Found the following significant warnings:
     WARNING: installation-time patches will not be applied, could not get the patches index
Flavor: r-devel-windows-x86_64-gcc10-UCRT

Version: 1.0.9
Check: PDF version of manual
Result: WARN
    LaTeX errors when creating PDF version.
    This typically indicates Rd problems.
Flavor: r-devel-windows-x86_64-gcc10-UCRT

Version: 1.0.9
Check: PDF version of manual without hyperrefs or index
Result: ERROR
    Re-running with no redirection of stdout/stderr.
Flavor: r-devel-windows-x86_64-gcc10-UCRT