CRAN Package Check Results for Package phangorn

Last updated on 2023-02-02 08:52:41 CET.

Flavor Version Tinstall Tcheck Ttotal Status Flags
r-devel-linux-x86_64-debian-clang 2.11.1 67.96 477.19 545.15 NOTE
r-devel-linux-x86_64-debian-gcc 2.11.1 54.29 345.54 399.83 NOTE
r-devel-linux-x86_64-fedora-clang 2.11.1 665.32 NOTE
r-devel-linux-x86_64-fedora-gcc 2.11.1 715.84 NOTE
r-devel-windows-x86_64 2.11.1 177.00 543.00 720.00 NOTE
r-patched-linux-x86_64 2.11.1 66.66 454.72 521.38 OK
r-release-linux-x86_64 2.11.1 63.38 431.27 494.65 OK
r-release-macos-arm64 2.11.1 162.00 NOTE
r-release-macos-x86_64 2.11.1 219.00 NOTE
r-release-windows-x86_64 2.11.1 144.00 535.00 679.00 NOTE
r-oldrel-macos-arm64 2.11.1 140.00 NOTE
r-oldrel-macos-x86_64 2.11.1 140.00 WARN
r-oldrel-windows-ix86+x86_64 2.11.1 148.00 595.00 743.00 NOTE

Check Details

Version: 2.11.1
Check: C++ specification
Result: NOTE
     Specified C++11: please update to current default of C++17
Flavors: r-devel-linux-x86_64-debian-clang, r-devel-linux-x86_64-debian-gcc, r-devel-linux-x86_64-fedora-clang, r-devel-linux-x86_64-fedora-gcc, r-devel-windows-x86_64

Version: 2.11.1
Check: installed package size
Result: NOTE
     installed size is 5.2Mb
     sub-directories of 1Mb or more:
     doc 1.5Mb
     libs 1.3Mb
Flavors: r-devel-windows-x86_64, r-release-macos-arm64, r-release-macos-x86_64, r-release-windows-x86_64, r-oldrel-macos-arm64, r-oldrel-macos-x86_64, r-oldrel-windows-ix86+x86_64

Version: 2.11.1
Check: re-building of vignette outputs
Result: WARN
    Error(s) in re-building vignettes:
    --- re-building ‘AdvancedFeatures.Rmd’ using rmarkdown
    Quitting from lines 280-281 (AdvancedFeatures.Rmd)
    Error: processing vignette 'AdvancedFeatures.Rmd' failed with diagnostics:
    subscript out of bounds
    --- failed re-building ‘AdvancedFeatures.Rmd’
    
    --- re-building ‘Ancestral.Rmd’ using rmarkdown
    Error: processing vignette 'Ancestral.Rmd' failed with diagnostics:
    there is no package called ‘sass’
    --- failed re-building ‘Ancestral.Rmd’
    
    --- re-building ‘IntertwiningTreesAndNetworks.Rmd’ using rmarkdown
    Error: processing vignette 'IntertwiningTreesAndNetworks.Rmd' failed with diagnostics:
    there is no package called ‘sass’
    --- failed re-building ‘IntertwiningTreesAndNetworks.Rmd’
    
    --- re-building ‘MLbyHand.Rmd’ using rmarkdown
    Error: processing vignette 'MLbyHand.Rmd' failed with diagnostics:
    there is no package called ‘sass’
    --- failed re-building ‘MLbyHand.Rmd’
    
    --- re-building ‘Morphological.Rmd’ using rmarkdown
    Error: processing vignette 'Morphological.Rmd' failed with diagnostics:
    there is no package called ‘sass’
    --- failed re-building ‘Morphological.Rmd’
    
    --- re-building ‘Networx.Rmd’ using rmarkdown
    Error: processing vignette 'Networx.Rmd' failed with diagnostics:
    there is no package called ‘sass’
    --- failed re-building ‘Networx.Rmd’
    
    --- re-building ‘Trees.Rmd’ using rmarkdown
    Error: processing vignette 'Trees.Rmd' failed with diagnostics:
    there is no package called ‘sass’
    --- failed re-building ‘Trees.Rmd’
    
    SUMMARY: processing the following files failed:
     ‘AdvancedFeatures.Rmd’ ‘Ancestral.Rmd’
     ‘IntertwiningTreesAndNetworks.Rmd’ ‘MLbyHand.Rmd’ ‘Morphological.Rmd’
     ‘Networx.Rmd’ ‘Trees.Rmd’
    
    Error: Vignette re-building failed.
    Execution halted
Flavor: r-oldrel-macos-x86_64