CRAN Package Check Results for Package phacking

Last updated on 2023-01-28 04:57:03 CET.

Flavor Version Tinstall Tcheck Ttotal Status Flags
r-devel-linux-x86_64-debian-clang 0.1.0 123.65 191.25 314.90 NOTE
r-devel-linux-x86_64-debian-gcc 0.1.0 112.20 174.35 286.55 NOTE
r-devel-linux-x86_64-fedora-clang 0.1.0 409.45 NOTE
r-devel-linux-x86_64-fedora-gcc 0.1.0 522.49 NOTE
r-patched-linux-x86_64 0.1.0 109.96 177.73 287.69 NOTE
r-release-linux-x86_64 0.1.0 112.52 226.57 339.09 NOTE
r-release-macos-arm64 0.1.0 140.00 NOTE
r-release-macos-x86_64 0.1.0 152.00 NOTE
r-release-windows-x86_64 0.1.0 164.00 298.00 462.00 NOTE
r-oldrel-macos-arm64 0.1.0 104.00 NOTE
r-oldrel-macos-x86_64 0.1.0 150.00 NOTE
r-oldrel-windows-ix86+x86_64 0.1.0 291.00 644.00 935.00 NOTE

Check Details

Version: 0.1.0
Check: for GNU extensions in Makefiles
Result: NOTE
    GNU make is a SystemRequirements.
Flavors: r-devel-linux-x86_64-debian-clang, r-devel-linux-x86_64-debian-gcc, r-devel-linux-x86_64-fedora-clang, r-devel-linux-x86_64-fedora-gcc, r-patched-linux-x86_64, r-release-linux-x86_64, r-release-macos-arm64, r-release-macos-x86_64, r-release-windows-x86_64, r-oldrel-macos-arm64, r-oldrel-macos-x86_64, r-oldrel-windows-ix86+x86_64

Version: 0.1.0
Check: C++ specification
Result: NOTE
     Specified C++14: please update to current default of C++17
Flavors: r-devel-linux-x86_64-debian-gcc, r-devel-linux-x86_64-fedora-clang, r-devel-linux-x86_64-fedora-gcc

Version: 0.1.0
Check: dependencies in R code
Result: NOTE
    Namespaces in Imports field not imported from:
     ‘RcppParallel’ ‘rstantools’
     All declared Imports should be used.
Flavors: r-devel-linux-x86_64-fedora-clang, r-devel-linux-x86_64-fedora-gcc

Version: 0.1.0
Check: installed package size
Result: NOTE
     installed size is 33.3Mb
     sub-directories of 1Mb or more:
     libs 33.1Mb
Flavors: r-release-macos-arm64, r-release-macos-x86_64, r-oldrel-macos-arm64, r-oldrel-macos-x86_64