CRAN Package Check Results for Package ph2mult

Last updated on 2024-07-12 11:54:19 CEST.

Flavor Version Tinstall Tcheck Ttotal Status Flags
r-devel-linux-x86_64-debian-clang 0.1.1 2.56 31.27 33.83 NOTE
r-devel-linux-x86_64-debian-gcc 0.1.1 2.36 23.60 25.96 NOTE
r-devel-linux-x86_64-fedora-clang 0.1.1 43.24 NOTE
r-devel-linux-x86_64-fedora-gcc 0.1.1 42.11 NOTE
r-devel-windows-x86_64 0.1.1 3.00 50.00 53.00 NOTE
r-patched-linux-x86_64 0.1.1 2.57 29.60 32.17 NOTE
r-release-linux-x86_64 0.1.1 2.22 30.88 33.10 NOTE
r-release-macos-arm64 0.1.1 17.00 NOTE
r-release-macos-x86_64 0.1.1 27.00 NOTE
r-release-windows-x86_64 0.1.1 4.00 50.00 54.00 NOTE
r-oldrel-macos-arm64 0.1.1 17.00 NOTE
r-oldrel-macos-x86_64 0.1.1 25.00 NOTE
r-oldrel-windows-x86_64 0.1.1 5.00 51.00 56.00 NOTE

Check Details

Version: 0.1.1
Check: LazyData
Result: NOTE 'LazyData' is specified without a 'data' directory Flavors: r-devel-linux-x86_64-debian-clang, r-devel-linux-x86_64-debian-gcc, r-devel-linux-x86_64-fedora-clang, r-devel-linux-x86_64-fedora-gcc, r-devel-windows-x86_64, r-patched-linux-x86_64, r-release-linux-x86_64, r-release-macos-arm64, r-release-macos-x86_64, r-release-windows-x86_64, r-oldrel-macos-arm64, r-oldrel-macos-x86_64, r-oldrel-windows-x86_64