Last updated on 2023-12-08 19:51:46 CET.
Flavor | Version | Tinstall | Tcheck | Ttotal | Status | Flags |
---|---|---|---|---|---|---|
r-devel-linux-x86_64-debian-clang | 0.3.0 | 5.62 | 47.06 | 52.68 | NOTE | |
r-devel-linux-x86_64-debian-gcc | 0.3.0 | 4.61 | 35.26 | 39.87 | NOTE | |
r-devel-linux-x86_64-fedora-clang | 0.3.0 | 66.90 | OK | |||
r-devel-linux-x86_64-fedora-gcc | 0.3.0 | 60.86 | OK | |||
r-devel-windows-x86_64 | 0.3.0 | 7.00 | 57.00 | 64.00 | OK | |
r-patched-linux-x86_64 | 0.3.0 | 5.79 | 44.50 | 50.29 | OK | |
r-release-linux-x86_64 | 0.3.0 | 4.43 | 43.41 | 47.84 | OK | |
r-release-macos-arm64 | 0.3.0 | 25.00 | OK | |||
r-release-macos-x86_64 | 0.3.0 | 33.00 | OK | |||
r-release-windows-x86_64 | 0.3.0 | 8.00 | 60.00 | 68.00 | OK | |
r-oldrel-macos-arm64 | 0.3.0 | 28.00 | OK | |||
r-oldrel-macos-x86_64 | 0.3.0 | 32.00 | OK | |||
r-oldrel-windows-x86_64 | 0.3.0 | 10.00 | 61.00 | 71.00 | OK |
Version: 0.3.0
Check: Rd files
Result: NOTE
checkRd: (-1) read_PN.Rd:15: Lost braces
15 | A code{\link{marked_petrinet}}
| ^
Flavors: r-devel-linux-x86_64-debian-clang, r-devel-linux-x86_64-debian-gcc