Last updated on 2023-06-06 14:59:33 CEST.
Flavor | Version | Tinstall | Tcheck | Ttotal | Status | Flags |
---|---|---|---|---|---|---|
r-devel-linux-x86_64-debian-clang | 1.0.0 | 3.40 | 23.91 | 27.31 | NOTE | |
r-devel-linux-x86_64-debian-gcc | 1.0.0 | 2.84 | 19.05 | 21.89 | NOTE | |
r-devel-linux-x86_64-fedora-clang | 1.0.0 | 35.17 | NOTE | |||
r-devel-linux-x86_64-fedora-gcc | 1.0.0 | 32.81 | NOTE | |||
r-devel-windows-x86_64 | 1.0.0 | 5.00 | 40.00 | 45.00 | NOTE | |
r-patched-linux-x86_64 | 1.0.0 | 3.64 | 23.56 | 27.20 | NOTE | |
r-release-linux-x86_64 | 1.0.0 | 3.06 | 23.10 | 26.16 | NOTE | |
r-release-macos-arm64 | 1.0.0 | 20.00 | NOTE | |||
r-release-macos-x86_64 | 1.0.0 | 21.00 | NOTE | |||
r-release-windows-x86_64 | 1.0.0 | 6.00 | 41.00 | 47.00 | NOTE | |
r-oldrel-macos-arm64 | 1.0.0 | 17.00 | NOTE | |||
r-oldrel-macos-x86_64 | 1.0.0 | 27.00 | NOTE | |||
r-oldrel-windows-x86_64 | 1.0.0 | 7.00 | 47.00 | 54.00 | NOTE |
Version: 1.0.0
Check: LazyData
Result: NOTE
'LazyData' is specified without a 'data' directory
Flavors: r-devel-linux-x86_64-debian-clang, r-devel-linux-x86_64-debian-gcc, r-devel-linux-x86_64-fedora-clang, r-devel-linux-x86_64-fedora-gcc, r-devel-windows-x86_64, r-patched-linux-x86_64, r-release-linux-x86_64, r-release-macos-arm64, r-release-macos-x86_64, r-release-windows-x86_64, r-oldrel-macos-arm64, r-oldrel-macos-x86_64, r-oldrel-windows-x86_64