CRAN Package Check Results for Package personalized2part

Last updated on 2023-03-22 06:55:44 CET.

Flavor Version Tinstall Tcheck Ttotal Status Flags
r-devel-linux-x86_64-debian-clang 0.0.1 86.73 141.10 227.83 NOTE
r-devel-linux-x86_64-debian-gcc 0.0.1 69.42 105.98 175.40 NOTE
r-devel-linux-x86_64-fedora-clang 0.0.1 304.32 NOTE
r-devel-linux-x86_64-fedora-gcc 0.0.1 279.03 NOTE
r-patched-linux-x86_64 0.0.1 66.56 134.28 200.84 NOTE
r-release-linux-x86_64 0.0.1 65.72 136.06 201.78 NOTE
r-release-macos-arm64 0.0.1 71.00 NOTE
r-release-macos-x86_64 0.0.1 125.00 NOTE
r-release-windows-x86_64 0.0.1 107.00 184.00 291.00 NOTE
r-oldrel-macos-arm64 0.0.1 82.00 NOTE
r-oldrel-macos-x86_64 0.0.1 140.00 NOTE
r-oldrel-windows-ix86+x86_64 0.0.1 196.00 216.00 412.00 NOTE

Check Details

Version: 0.0.1
Check: C++ specification
Result: NOTE
     Specified C++11: please drop specification unless essential
Flavors: r-devel-linux-x86_64-debian-clang, r-devel-linux-x86_64-debian-gcc, r-devel-linux-x86_64-fedora-clang, r-devel-linux-x86_64-fedora-gcc

Version: 0.0.1
Check: LazyData
Result: NOTE
     'LazyData' is specified without a 'data' directory
Flavors: r-devel-linux-x86_64-debian-clang, r-devel-linux-x86_64-debian-gcc, r-devel-linux-x86_64-fedora-clang, r-devel-linux-x86_64-fedora-gcc, r-patched-linux-x86_64, r-release-linux-x86_64, r-release-macos-arm64, r-release-macos-x86_64, r-release-windows-x86_64, r-oldrel-macos-arm64, r-oldrel-macos-x86_64, r-oldrel-windows-ix86+x86_64

Version: 0.0.1
Check: installed package size
Result: NOTE
     installed size is 11.9Mb
     sub-directories of 1Mb or more:
     libs 11.6Mb
Flavors: r-release-macos-arm64, r-release-macos-x86_64, r-oldrel-macos-arm64, r-oldrel-macos-x86_64