CRAN Package Check Results for Package perccal

Last updated on 2021-12-04 22:59:42 CET.

Flavor Version Tinstall Tcheck Ttotal Status Flags
r-devel-linux-x86_64-debian-clang 1.0 34.89 37.39 72.28 OK
r-devel-linux-x86_64-debian-gcc 1.0 27.21 29.12 56.33 OK
r-devel-linux-x86_64-fedora-clang 1.0 101.01 NOTE
r-devel-linux-x86_64-fedora-gcc 1.0 86.30 NOTE
r-devel-windows-x86_64-new-UL 1.0 50.00 87.00 137.00 OK
r-devel-windows-x86_64-new-TK 1.0 OK
r-devel-windows-x86_64-old 1.0 46.00 49.00 95.00 OK
r-patched-linux-x86_64 1.0 29.55 28.09 57.64 OK
r-release-linux-x86_64 1.0 30.07 27.71 57.78 OK
r-release-macos-arm64 1.0 OK
r-release-macos-x86_64 1.0 OK
r-release-windows-ix86+x86_64 1.0 90.00 76.00 166.00 OK
r-oldrel-macos-x86_64 1.0 OK
r-oldrel-windows-ix86+x86_64 1.0 87.00 86.00 173.00 OK

Check Details

Version: 1.0
Check: compiled code
Result: NOTE
    File ‘perccal/libs/perccal.so’:
     Found no calls to: ‘R_registerRoutines’, ‘R_useDynamicSymbols’
    
    It is good practice to register native routines and to disable symbol
    search.
    
    See ‘Writing portable packages’ in the ‘Writing R Extensions’ manual.
Flavors: r-devel-linux-x86_64-fedora-clang, r-devel-linux-x86_64-fedora-gcc