CRAN Package Check Results for Package penPHcure

Last updated on 2021-11-26 23:50:09 CET.

Flavor Version Tinstall Tcheck Ttotal Status Flags
r-devel-linux-x86_64-debian-clang 1.0.2 161.26 82.83 244.09 OK
r-devel-linux-x86_64-debian-gcc 1.0.2 116.83 70.76 187.59 OK
r-devel-linux-x86_64-fedora-clang 1.0.2 371.17 NOTE
r-devel-linux-x86_64-fedora-gcc 1.0.2 325.88 OK
r-devel-windows-x86_64-new-UL 1.0.2 210.00 140.00 350.00 OK
r-devel-windows-x86_64-new-TK 1.0.2 OK
r-devel-windows-x86_64-old 1.0.2 156.00 107.00 263.00 OK
r-patched-linux-x86_64 1.0.2 147.28 82.23 229.51 OK
r-patched-solaris-x86 1.0.2 324.20 OK
r-release-linux-x86_64 1.0.2 OK
r-release-macos-arm64 1.0.2 NOTE
r-release-macos-x86_64 1.0.2 NOTE
r-release-windows-ix86+x86_64 1.0.2 418.00 110.00 528.00 OK
r-oldrel-macos-x86_64 1.0.2 NOTE
r-oldrel-windows-ix86+x86_64 1.0.2 309.00 140.00 449.00 OK

Check Details

Version: 1.0.2
Check: installed package size
Result: NOTE
     installed size is 6.0Mb
     sub-directories of 1Mb or more:
     libs 5.8Mb
Flavors: r-devel-linux-x86_64-fedora-clang, r-release-macos-arm64, r-release-macos-x86_64, r-oldrel-macos-x86_64