Last updated on 2023-10-02 10:01:49 CEST.
Flavor | Version | Tinstall | Tcheck | Ttotal | Status | Flags |
---|---|---|---|---|---|---|
r-devel-linux-x86_64-debian-clang | 1.2 | 11.85 | 110.68 | 122.53 | OK | |
r-devel-linux-x86_64-debian-gcc | 1.2 | 10.79 | 82.47 | 93.26 | OK | |
r-devel-linux-x86_64-fedora-clang | 1.2 | 154.19 | OK | |||
r-devel-linux-x86_64-fedora-gcc | 1.2 | 161.24 | OK | |||
r-devel-windows-x86_64 | 1.2 | 13.00 | 148.00 | 161.00 | OK | |
r-patched-linux-x86_64 | 1.2 | 14.33 | 106.35 | 120.68 | OK | |
r-release-linux-x86_64 | 1.2 | 13.51 | 107.45 | 120.96 | OK | |
r-release-macos-arm64 | 1.2 | 55.00 | NOTE | |||
r-release-macos-x86_64 | 1.2 | 90.00 | OK | |||
r-release-windows-x86_64 | 1.2 | 20.00 | 157.00 | 177.00 | OK | |
r-oldrel-macos-arm64 | 1.2 | 50.00 | OK | |||
r-oldrel-macos-x86_64 | 1.2 | 64.00 | OK | |||
r-oldrel-windows-x86_64 | 1.2 | 17.00 | 167.00 | 184.00 | OK |
Version: 1.2
Check: package dependencies
Result: NOTE
Package suggested but not available for checking: ‘snpStats’
Flavor: r-release-macos-arm64