CRAN Package Check Results for Package pedquant

Last updated on 2022-07-04 16:52:34 CEST.

Flavor Version Tinstall Tcheck Ttotal Status Flags
r-devel-linux-x86_64-debian-clang 0.1.9 18.45 115.81 134.26 OK
r-devel-linux-x86_64-debian-gcc 0.1.9 14.99 85.08 100.07 OK
r-devel-linux-x86_64-fedora-clang 0.1.9 166.32 NOTE
r-devel-linux-x86_64-fedora-gcc 0.1.9 162.25 NOTE
r-devel-windows-x86_64 0.1.9 35.00 135.00 170.00 OK
r-patched-linux-x86_64 0.1.9 20.07 109.51 129.58 OK
r-release-linux-x86_64 0.1.9 10.74 109.80 120.54 OK
r-release-macos-arm64 0.1.9 41.00 NOTE
r-release-macos-x86_64 0.1.9 62.00 NOTE
r-release-windows-x86_64 0.1.9 73.00 130.00 203.00 OK
r-oldrel-macos-arm64 0.1.9 41.00 NOTE
r-oldrel-macos-x86_64 0.1.9 53.00 NOTE
r-oldrel-windows-ix86+x86_64 0.1.9 37.00 126.00 163.00 OK

Check Details

Version: 0.1.9
Check: data for non-ASCII characters
Result: NOTE
     Note: found 13918 marked UTF-8 strings
Flavors: r-devel-linux-x86_64-fedora-clang, r-devel-linux-x86_64-fedora-gcc, r-release-macos-arm64, r-release-macos-x86_64, r-oldrel-macos-arm64, r-oldrel-macos-x86_64