CRAN Package Check Results for Package pedquant

Last updated on 2021-10-19 10:51:01 CEST.

Flavor Version Tinstall Tcheck Ttotal Status Flags
r-devel-linux-x86_64-debian-clang 0.1.7 13.26 90.71 103.97 OK
r-devel-linux-x86_64-debian-gcc 0.1.7 11.30 66.64 77.94 OK
r-devel-linux-x86_64-fedora-clang 0.1.7 141.90 NOTE
r-devel-linux-x86_64-fedora-gcc 0.1.7 120.76 NOTE
r-devel-windows-x86_64 0.1.7 23.00 117.00 140.00 OK
r-devel-windows-x86_64-gcc10-UCRT 0.1.7 NOTE
r-patched-linux-x86_64 0.1.7 13.28 85.76 99.04 OK
r-patched-solaris-x86 0.1.7 180.00 NOTE
r-release-linux-x86_64 0.1.7 12.26 85.38 97.64 OK
r-release-macos-arm64 0.1.7 NOTE
r-release-macos-x86_64 0.1.7 NOTE
r-release-windows-ix86+x86_64 0.1.7 31.00 112.00 143.00 OK
r-oldrel-macos-x86_64 0.1.7 NOTE
r-oldrel-windows-ix86+x86_64 0.1.7 30.00 113.00 143.00 OK

Check Details

Version: 0.1.7
Check: data for non-ASCII characters
Result: NOTE
     Note: found 7506 marked UTF-8 strings
Flavors: r-devel-linux-x86_64-fedora-clang, r-devel-linux-x86_64-fedora-gcc, r-devel-windows-x86_64-gcc10-UCRT, r-patched-solaris-x86, r-release-macos-arm64, r-release-macos-x86_64, r-oldrel-macos-x86_64