Last updated on 2023-11-30 07:52:44 CET.
Flavor | Version | Tinstall | Tcheck | Ttotal | Status | Flags |
---|---|---|---|---|---|---|
r-devel-linux-x86_64-debian-clang | 0.2.3 | 14.90 | 96.85 | 111.75 | OK | |
r-devel-linux-x86_64-debian-gcc | 0.2.3 | 9.89 | 70.69 | 80.58 | OK | |
r-devel-linux-x86_64-fedora-clang | 0.2.3 | 136.48 | NOTE | |||
r-devel-linux-x86_64-fedora-gcc | 0.2.3 | 135.25 | NOTE | |||
r-devel-windows-x86_64 | 0.2.3 | 13.00 | 88.00 | 101.00 | OK | |
r-patched-linux-x86_64 | 0.2.3 | 18.73 | 90.10 | 108.83 | OK | |
r-release-linux-x86_64 | 0.2.3 | 8.41 | 89.71 | 98.12 | OK | |
r-release-macos-arm64 | 0.2.3 | 47.00 | OK | |||
r-release-macos-x86_64 | 0.2.3 | 99.00 | OK | |||
r-release-windows-x86_64 | 0.2.3 | 19.00 | 102.00 | 121.00 | OK | |
r-oldrel-macos-arm64 | 0.2.3 | 40.00 | OK | |||
r-oldrel-macos-x86_64 | 0.2.3 | 56.00 | OK | |||
r-oldrel-windows-x86_64 | 0.2.3 | 18.00 | 102.00 | 120.00 | OK |
Version: 0.2.3
Check: data for non-ASCII characters
Result: NOTE
Note: found 4860 marked UTF-8 strings
Flavors: r-devel-linux-x86_64-fedora-clang, r-devel-linux-x86_64-fedora-gcc