CRAN Package Check Results for Package pedquant

Last updated on 2022-11-30 03:58:30 CET.

Flavor Version Tinstall Tcheck Ttotal Status Flags
r-devel-linux-x86_64-debian-clang 0.2.1 15.75 103.45 119.20 OK
r-devel-linux-x86_64-debian-gcc 0.2.1 12.90 76.32 89.22 OK
r-devel-linux-x86_64-fedora-clang 0.2.1 155.68 NOTE
r-devel-linux-x86_64-fedora-gcc 0.2.1 154.78 NOTE
r-devel-windows-x86_64 0.2.1 37.00 132.00 169.00 OK
r-patched-linux-x86_64 0.2.1 20.81 96.59 117.40 OK
r-release-linux-x86_64 0.2.1 10.60 95.66 106.26 OK
r-release-macos-arm64 0.2.1 43.00 NOTE
r-release-macos-x86_64 0.2.1 55.00 NOTE
r-release-windows-x86_64 0.2.1 58.00 125.00 183.00 OK
r-oldrel-macos-arm64 0.2.1 46.00 NOTE
r-oldrel-macos-x86_64 0.2.1 58.00 NOTE
r-oldrel-windows-ix86+x86_64 0.2.1 32.00 126.00 158.00 OK

Check Details

Version: 0.2.1
Check: data for non-ASCII characters
Result: NOTE
     Note: found 7326 marked UTF-8 strings
Flavors: r-devel-linux-x86_64-fedora-clang, r-devel-linux-x86_64-fedora-gcc, r-release-macos-arm64, r-release-macos-x86_64, r-oldrel-macos-arm64, r-oldrel-macos-x86_64