CRAN Package Check Results for Package pedometrics

Last updated on 2019-05-22 07:49:57 CEST.

Flavor Version Tinstall Tcheck Ttotal Status Flags
r-devel-linux-x86_64-debian-clang 0.6-6 14.58 44.36 58.94 OK
r-devel-linux-x86_64-debian-gcc 0.6-6 12.06 34.26 46.32 OK
r-devel-linux-x86_64-fedora-clang 0.6-6 79.95 NOTE
r-devel-linux-x86_64-fedora-gcc 0.6-6 69.97 NOTE
r-devel-windows-ix86+x86_64 0.6-6 31.00 113.00 144.00 OK
r-patched-linux-x86_64 0.6-6 13.16 42.38 55.54 OK
r-patched-solaris-x86 0.6-6 100.40 OK
r-release-linux-x86_64 0.6-6 15.19 42.38 57.57 OK
r-release-windows-ix86+x86_64 0.6-6 39.00 85.00 124.00 OK
r-release-osx-x86_64 0.6-6 OK
r-oldrel-windows-ix86+x86_64 0.6-6 27.00 77.00 104.00 OK
r-oldrel-osx-x86_64 0.6-6 OK

Check Details

Version: 0.6-6
Check: compiled code
Result: NOTE
    File ‘pedometrics/libs/pedometrics.so’:
     Found no calls to: ‘R_registerRoutines’, ‘R_useDynamicSymbols’
    
    It is good practice to register native routines and to disable symbol
    search.
    
    See ‘Writing portable packages’ in the ‘Writing R Extensions’ manual.
Flavors: r-devel-linux-x86_64-fedora-clang, r-devel-linux-x86_64-fedora-gcc