Last updated on 2023-02-06 21:54:54 CET.
Flavor | Version | Tinstall | Tcheck | Ttotal | Status | Flags |
---|---|---|---|---|---|---|
r-devel-linux-x86_64-debian-clang | 2022.05.04 | 18.33 | 130.41 | 148.74 | NOTE | |
r-devel-linux-x86_64-debian-gcc | 2022.05.04 | 13.95 | 95.11 | 109.06 | NOTE | |
r-devel-linux-x86_64-fedora-clang | 2022.05.04 | 180.60 | NOTE | |||
r-devel-linux-x86_64-fedora-gcc | 2022.05.04 | 176.34 | NOTE | |||
r-devel-windows-x86_64 | 2022.05.04 | 52.00 | 168.00 | 220.00 | NOTE | |
r-patched-linux-x86_64 | 2022.05.04 | 25.50 | 122.55 | 148.05 | NOTE | |
r-release-linux-x86_64 | 2022.05.04 | 12.82 | 123.96 | 136.78 | NOTE | |
r-release-macos-arm64 | 2022.05.04 | 53.00 | OK | |||
r-release-macos-x86_64 | 2022.05.04 | 73.00 | OK | |||
r-release-windows-x86_64 | 2022.05.04 | 48.00 | 163.00 | 211.00 | OK | |
r-oldrel-macos-arm64 | 2022.05.04 | 47.00 | OK | |||
r-oldrel-macos-x86_64 | 2022.05.04 | 69.00 | OK | |||
r-oldrel-windows-ix86+x86_64 | 2022.05.04 | 41.00 | 211.00 | 252.00 | OK |
Version: 2022.05.04
Check: package dependencies
Result: NOTE
Package which this enhances but not available for checking: ‘crrstep’
Flavors: r-devel-linux-x86_64-debian-clang, r-devel-linux-x86_64-debian-gcc, r-devel-linux-x86_64-fedora-clang, r-devel-linux-x86_64-fedora-gcc, r-patched-linux-x86_64, r-release-linux-x86_64
Version: 2022.05.04
Check: Rd files
Result: NOTE
checkRd: (-1) pec.Rd:250: Escaped LaTeX specials: \&
checkRd: (-1) pec.Rd:251: Escaped LaTeX specials: \&
checkRd: (-1) pec.Rd:256: Escaped LaTeX specials: \&
Flavors: r-devel-linux-x86_64-debian-clang, r-devel-linux-x86_64-debian-gcc, r-devel-linux-x86_64-fedora-clang, r-devel-linux-x86_64-fedora-gcc, r-devel-windows-x86_64