Last updated on 2023-02-05 08:58:39 CET.
Flavor | Version | Tinstall | Tcheck | Ttotal | Status | Flags |
---|---|---|---|---|---|---|
r-devel-linux-x86_64-debian-clang | 0.4.2 | 5.84 | 175.79 | 181.63 | NOTE | |
r-devel-linux-x86_64-debian-gcc | 0.4.2 | 4.49 | 125.15 | 129.64 | NOTE | |
r-devel-linux-x86_64-fedora-clang | 0.4.2 | 180.84 | NOTE | |||
r-devel-linux-x86_64-fedora-gcc | 0.4.2 | 215.13 | NOTE | |||
r-devel-windows-x86_64 | 0.4.2 | 20.00 | 210.00 | 230.00 | NOTE | |
r-patched-linux-x86_64 | 0.4.2 | 6.74 | 167.97 | 174.71 | NOTE | |
r-release-linux-x86_64 | 0.4.2 | 4.90 | 168.72 | 173.62 | NOTE | |
r-release-macos-arm64 | 0.4.2 | 34.00 | NOTE | |||
r-release-macos-x86_64 | 0.4.2 | 124.00 | NOTE | |||
r-release-windows-x86_64 | 0.4.2 | 21.00 | 195.00 | 216.00 | NOTE | |
r-oldrel-macos-arm64 | 0.4.2 | 55.00 | NOTE | |||
r-oldrel-macos-x86_64 | 0.4.2 | 68.00 | NOTE | |||
r-oldrel-windows-ix86+x86_64 | 0.4.2 | 15.00 | 224.00 | 239.00 | NOTE |
Version: 0.4.2
Check: LazyData
Result: NOTE
'LazyData' is specified without a 'data' directory
Flavors: r-devel-linux-x86_64-debian-clang, r-devel-linux-x86_64-debian-gcc, r-devel-linux-x86_64-fedora-clang, r-devel-linux-x86_64-fedora-gcc, r-devel-windows-x86_64, r-patched-linux-x86_64, r-release-linux-x86_64, r-release-macos-arm64, r-release-macos-x86_64, r-release-windows-x86_64, r-oldrel-macos-arm64, r-oldrel-macos-x86_64, r-oldrel-windows-ix86+x86_64