CRAN Package Check Results for Package pdi

Last updated on 2022-08-11 13:55:08 CEST.

Flavor Version Tinstall Tcheck Ttotal Status Flags
r-devel-linux-x86_64-debian-clang 0.4.2 6.35 233.47 239.82 NOTE
r-devel-linux-x86_64-debian-gcc 0.4.2 4.98 163.35 168.33 NOTE
r-devel-linux-x86_64-fedora-clang 0.4.2 272.17 NOTE
r-devel-linux-x86_64-fedora-gcc 0.4.2 273.99 NOTE
r-devel-windows-x86_64 0.4.2 10.00 250.00 260.00 NOTE
r-patched-linux-x86_64 0.4.2 5.42 209.05 214.47 NOTE
r-release-linux-x86_64 0.4.2 NOTE
r-release-macos-arm64 0.4.2 34.00 NOTE
r-release-macos-x86_64 0.4.2 124.00 NOTE
r-release-windows-x86_64 0.4.2 20.00 263.00 283.00 NOTE
r-oldrel-macos-arm64 0.4.2 55.00 NOTE
r-oldrel-macos-x86_64 0.4.2 68.00 NOTE
r-oldrel-windows-ix86+x86_64 0.4.2 15.00 264.00 279.00 NOTE

Check Details

Version: 0.4.2
Check: LazyData
Result: NOTE
     'LazyData' is specified without a 'data' directory
Flavors: r-devel-linux-x86_64-debian-clang, r-devel-linux-x86_64-debian-gcc, r-devel-linux-x86_64-fedora-clang, r-devel-linux-x86_64-fedora-gcc, r-devel-windows-x86_64, r-patched-linux-x86_64, r-release-linux-x86_64, r-release-macos-arm64, r-release-macos-x86_64, r-release-windows-x86_64, r-oldrel-macos-arm64, r-oldrel-macos-x86_64, r-oldrel-windows-ix86+x86_64