CRAN Package Check Results for Package pdfminer

Last updated on 2024-04-16 15:50:47 CEST.

Flavor Version Tinstall Tcheck Ttotal Status Flags
r-devel-linux-x86_64-debian-clang 1.0 2.36 26.16 28.52 NOTE
r-devel-linux-x86_64-debian-gcc 1.0 1.87 21.25 23.12 NOTE
r-devel-linux-x86_64-fedora-clang 1.0 38.81 NOTE
r-devel-linux-x86_64-fedora-gcc 1.0 37.38 NOTE
r-prerel-macos-arm64 1.0 17.00 NOTE
r-prerel-windows-x86_64 1.0 4.00 49.00 53.00 NOTE
r-patched-linux-x86_64 1.0 1.94 25.47 27.41 NOTE
r-release-linux-x86_64 1.0 2.23 25.97 28.20 NOTE
r-release-macos-arm64 1.0 18.00 NOTE
r-release-macos-x86_64 1.0 23.00 NOTE
r-release-windows-x86_64 1.0 2.00 44.00 46.00 NOTE
r-oldrel-macos-arm64 1.0 18.00 NOTE
r-oldrel-windows-x86_64 1.0 4.00 50.00 54.00 NOTE

Check Details

Version: 1.0
Check: package dependencies
Result: NOTE Package suggested but not available for checking: ‘PythonInR’ Flavors: r-devel-linux-x86_64-debian-clang, r-devel-linux-x86_64-debian-gcc, r-devel-linux-x86_64-fedora-clang, r-devel-linux-x86_64-fedora-gcc, r-prerel-macos-arm64, r-prerel-windows-x86_64, r-patched-linux-x86_64, r-release-linux-x86_64, r-release-macos-arm64, r-release-macos-x86_64, r-release-windows-x86_64, r-oldrel-macos-arm64, r-oldrel-windows-x86_64