CRAN Package Check Results for Package pdfminer

Last updated on 2022-08-14 13:51:08 CEST.

Flavor Version Tinstall Tcheck Ttotal Status Flags
r-devel-linux-x86_64-debian-clang 1.0 2.23 27.46 29.69 NOTE
r-devel-linux-x86_64-debian-gcc 1.0 1.86 21.41 23.27 NOTE
r-devel-linux-x86_64-fedora-clang 1.0 48.26 NOTE
r-devel-linux-x86_64-fedora-gcc 1.0 46.73 NOTE
r-devel-windows-x86_64 1.0 12.00 57.00 69.00 NOTE
r-patched-linux-x86_64 1.0 2.21 26.28 28.49 NOTE
r-release-linux-x86_64 1.0 1.67 27.10 28.77 NOTE
r-release-macos-arm64 1.0 18.00 NOTE
r-release-macos-x86_64 1.0 22.00 NOTE
r-release-windows-x86_64 1.0 7.00 56.00 63.00 NOTE
r-oldrel-macos-arm64 1.0 23.00 NOTE
r-oldrel-macos-x86_64 1.0 26.00 NOTE
r-oldrel-windows-ix86+x86_64 1.0 6.00 50.00 56.00 OK

Check Details

Version: 1.0
Check: package dependencies
Result: NOTE
    Package suggested but not available for checking: 'PythonInR'
Flavors: r-devel-linux-x86_64-debian-clang, r-devel-linux-x86_64-debian-gcc, r-devel-linux-x86_64-fedora-clang, r-devel-linux-x86_64-fedora-gcc, r-devel-windows-x86_64, r-patched-linux-x86_64, r-release-linux-x86_64, r-release-macos-arm64, r-release-macos-x86_64, r-release-windows-x86_64, r-oldrel-macos-arm64, r-oldrel-macos-x86_64