CRAN Package Check Results for Package pdSpecEst

Last updated on 2024-02-29 15:53:54 CET.

Flavor Version Tinstall Tcheck Ttotal Status Flags
r-devel-linux-x86_64-debian-clang 1.2.4 107.40 102.78 210.18 NOTE
r-devel-linux-x86_64-debian-gcc 1.2.4 92.30 72.79 165.09 NOTE
r-devel-linux-x86_64-fedora-clang 1.2.4 289.30 NOTE
r-devel-linux-x86_64-fedora-gcc 1.2.4 298.78 NOTE
r-devel-windows-x86_64 1.2.4 79.00 118.00 197.00 NOTE
r-patched-linux-x86_64 1.2.4 106.57 96.50 203.07 NOTE
r-release-linux-x86_64 1.2.4 107.89 95.55 203.44 NOTE
r-release-macos-arm64 1.2.4 81.00 NOTE
r-release-macos-x86_64 1.2.4 131.00 NOTE
r-release-windows-x86_64 1.2.4 101.00 141.00 242.00 NOTE
r-oldrel-macos-arm64 1.2.4 73.00 NOTE
r-oldrel-windows-x86_64 1.2.4 100.00 131.00 231.00 NOTE

Check Details

Version: 1.2.4
Check: C++ specification
Result: NOTE Specified C++11: please drop specification unless essential Flavors: r-devel-linux-x86_64-debian-clang, r-devel-linux-x86_64-debian-gcc, r-devel-linux-x86_64-fedora-clang, r-devel-linux-x86_64-fedora-gcc, r-devel-windows-x86_64, r-patched-linux-x86_64, r-release-linux-x86_64, r-release-macos-arm64, r-release-macos-x86_64, r-release-windows-x86_64

Version: 1.2.4
Check: Rd files
Result: NOTE checkRd: (-1) pdkMeans.Rd:63: Lost braces 63 | \cite{C18}{pdSpecEst} for more details. Note that this comes at the cost of increased computation time in comparison to one | ^ Flavors: r-devel-linux-x86_64-debian-clang, r-devel-linux-x86_64-debian-gcc, r-devel-linux-x86_64-fedora-clang, r-devel-linux-x86_64-fedora-gcc

Version: 1.2.4
Check: LazyData
Result: NOTE 'LazyData' is specified without a 'data' directory Flavors: r-devel-linux-x86_64-debian-clang, r-devel-linux-x86_64-debian-gcc, r-devel-linux-x86_64-fedora-clang, r-devel-linux-x86_64-fedora-gcc, r-devel-windows-x86_64, r-patched-linux-x86_64, r-release-linux-x86_64, r-release-macos-arm64, r-release-macos-x86_64, r-release-windows-x86_64, r-oldrel-macos-arm64, r-oldrel-windows-x86_64

Version: 1.2.4
Check: installed package size
Result: NOTE installed size is 7.5Mb sub-directories of 1Mb or more: libs 6.5Mb Flavors: r-release-macos-arm64, r-release-macos-x86_64, r-oldrel-macos-arm64