Last updated on 2024-12-05 04:50:09 CET.
Flavor | Version | Tinstall | Tcheck | Ttotal | Status | Flags |
---|---|---|---|---|---|---|
r-devel-linux-x86_64-debian-clang | 1.1.0 | 2.30 | 22.84 | 25.14 | NOTE | |
r-devel-linux-x86_64-debian-gcc | 1.1.0 | 1.62 | 18.21 | 19.83 | NOTE | |
r-devel-linux-x86_64-fedora-clang | 1.1.0 | 40.80 | NOTE | |||
r-devel-linux-x86_64-fedora-gcc | 1.1.0 | 38.85 | NOTE | |||
r-devel-windows-x86_64 | 1.1.0 | 4.00 | 56.00 | 60.00 | NOTE | |
r-patched-linux-x86_64 | 1.1.0 | 2.34 | 22.24 | 24.58 | NOTE | |
r-release-linux-x86_64 | 1.1.0 | 1.97 | 22.70 | 24.67 | NOTE | |
r-release-macos-arm64 | 1.1.0 | 15.00 | NOTE | |||
r-release-macos-x86_64 | 1.1.0 | 24.00 | NOTE | |||
r-release-windows-x86_64 | 1.1.0 | 5.00 | 48.00 | 53.00 | NOTE | |
r-oldrel-macos-arm64 | 1.1.0 | 18.00 | OK | |||
r-oldrel-macos-x86_64 | 1.1.0 | 38.00 | OK | |||
r-oldrel-windows-x86_64 | 1.1.0 | 5.00 | 51.00 | 56.00 | OK |
Version: 1.1.0
Check: Rd files
Result: NOTE
checkRd: (-1) pcvpcr.Rd:42: Lost braces; missing escapes or markup?
42 | set {X, y} and cross-validation.
| ^
checkRd: (-1) pcvpls.Rd:42: Lost braces; missing escapes or markup?
42 | set {X, y} and cross-validation.
| ^
Flavors: r-devel-linux-x86_64-debian-clang, r-devel-linux-x86_64-debian-gcc, r-devel-linux-x86_64-fedora-clang, r-devel-linux-x86_64-fedora-gcc, r-devel-windows-x86_64, r-patched-linux-x86_64, r-release-linux-x86_64, r-release-macos-arm64, r-release-macos-x86_64, r-release-windows-x86_64