Last updated on 2023-12-10 06:50:33 CET.
Flavor | Version | Tinstall | Tcheck | Ttotal | Status | Flags |
---|---|---|---|---|---|---|
r-devel-linux-x86_64-debian-clang | 0.1.0 | 8.77 | 69.40 | 78.17 | NOTE | |
r-devel-linux-x86_64-debian-gcc | 0.1.0 | 5.96 | 51.96 | 57.92 | NOTE | |
r-devel-linux-x86_64-fedora-clang | 0.1.0 | 95.31 | OK | |||
r-devel-linux-x86_64-fedora-gcc | 0.1.0 | 89.89 | OK | |||
r-devel-windows-x86_64 | 0.1.0 | 9.00 | 77.00 | 86.00 | OK | |
r-patched-linux-x86_64 | 0.1.0 | 6.73 | 65.38 | 72.11 | OK | |
r-release-linux-x86_64 | 0.1.0 | 7.35 | 65.75 | 73.10 | OK | |
r-release-macos-arm64 | 0.1.0 | 33.00 | OK | |||
r-release-macos-x86_64 | 0.1.0 | 79.00 | OK | |||
r-release-windows-x86_64 | 0.1.0 | 10.00 | 88.00 | 98.00 | OK | |
r-oldrel-macos-arm64 | 0.1.0 | 39.00 | OK | |||
r-oldrel-macos-x86_64 | 0.1.0 | 45.00 | OK | |||
r-oldrel-windows-x86_64 | 0.1.0 | 11.00 | 85.00 | 96.00 | OK |
Version: 0.1.0
Check: Rd files
Result: NOTE
checkRd: (-1) get_cols.Rd:12: Lost braces; missing escapes or markup?
12 | \item{pal}{col1~3; or a vector of colors, you can get from here too.{RColorBrewer::brewer.pal(5,"Set2")} {ggsci::pal_aaas()(5)}}
| ^
checkRd: (-1) get_cols.Rd:12: Lost braces; missing escapes or markup?
12 | \item{pal}{col1~3; or a vector of colors, you can get from here too.{RColorBrewer::brewer.pal(5,"Set2")} {ggsci::pal_aaas()(5)}}
| ^
checkRd: (-1) my_circo.Rd:20: Lost braces; missing escapes or markup?
20 | \item{pal}{a vector of colors, you can get from here too.{RColorBrewer::brewer.pal(5,"Set2")} {ggsci::pal_aaas()(5)}}
| ^
checkRd: (-1) my_circo.Rd:20: Lost braces; missing escapes or markup?
20 | \item{pal}{a vector of colors, you can get from here too.{RColorBrewer::brewer.pal(5,"Set2")} {ggsci::pal_aaas()(5)}}
| ^
Flavors: r-devel-linux-x86_64-debian-clang, r-devel-linux-x86_64-debian-gcc