CRAN Package Check Results for Package pcgen

Last updated on 2022-01-25 01:53:17 CET.

Flavor Version Tinstall Tcheck Ttotal Status Flags
r-devel-linux-x86_64-debian-clang 0.2.0 17.85 154.81 172.66 OK
r-devel-linux-x86_64-debian-gcc 0.2.0 14.58 115.17 129.75 OK
r-devel-linux-x86_64-fedora-clang 0.2.0 209.67 OK
r-devel-linux-x86_64-fedora-gcc 0.2.0 206.40 OK
r-devel-windows-x86_64-new-UL 0.2.0 36.00 151.00 187.00 OK
r-devel-windows-x86_64-new-TK 0.2.0 ERROR
r-patched-linux-x86_64 0.2.0 13.63 143.78 157.41 OK
r-release-linux-x86_64 0.2.0 12.77 144.16 156.93 OK
r-release-macos-arm64 0.2.0 OK
r-release-macos-x86_64 0.2.0 OK
r-release-windows-ix86+x86_64 0.2.0 41.00 166.00 207.00 OK
r-oldrel-macos-x86_64 0.2.0 OK
r-oldrel-windows-ix86+x86_64 0.2.0 41.00 167.00 208.00 OK

Check Details

Version: 0.2.0
Check: package dependencies
Result: ERROR
    Package required but not available: 'lme4'
    
    See section 'The DESCRIPTION file' in the 'Writing R Extensions'
    manual.
Flavor: r-devel-windows-x86_64-new-TK