CRAN Package Check Results for Package pcLasso

Last updated on 2024-04-16 14:49:33 CEST.

Flavor Version Tinstall Tcheck Ttotal Status Flags
r-devel-linux-x86_64-debian-clang 1.2 4.96 36.29 41.25 NOTE
r-devel-linux-x86_64-debian-gcc 1.2 3.10 27.99 31.09 NOTE
r-devel-linux-x86_64-fedora-clang 1.2 53.26 NOTE
r-devel-linux-x86_64-fedora-gcc 1.2 62.75 NOTE
r-prerel-macos-arm64 1.2 27.00 NOTE
r-prerel-windows-x86_64 1.2 7.00 50.00 57.00 NOTE
r-patched-linux-x86_64 1.2 4.20 35.33 39.53 NOTE
r-release-linux-x86_64 1.2 4.63 33.88 38.51 NOTE
r-release-macos-arm64 1.2 27.00 NOTE
r-release-macos-x86_64 1.2 35.00 NOTE
r-release-windows-x86_64 1.2 7.00 50.00 57.00 NOTE
r-oldrel-macos-arm64 1.2 22.00 NOTE
r-oldrel-windows-x86_64 1.2 8.00 54.00 62.00 NOTE

Check Details

Version: 1.2
Check: LazyData
Result: NOTE 'LazyData' is specified without a 'data' directory Flavors: r-devel-linux-x86_64-debian-clang, r-devel-linux-x86_64-debian-gcc, r-devel-linux-x86_64-fedora-clang, r-devel-linux-x86_64-fedora-gcc, r-prerel-macos-arm64, r-prerel-windows-x86_64, r-patched-linux-x86_64, r-release-linux-x86_64, r-release-macos-arm64, r-release-macos-x86_64, r-release-windows-x86_64, r-oldrel-macos-arm64, r-oldrel-windows-x86_64