Last updated on 2023-03-25 00:49:21 CET.
Flavor | Version | Tinstall | Tcheck | Ttotal | Status | Flags |
---|---|---|---|---|---|---|
r-devel-linux-x86_64-debian-clang | 1.3.5 | 3.85 | 35.90 | 39.75 | OK | |
r-devel-linux-x86_64-debian-gcc | 1.3.5 | 2.54 | 28.27 | 30.81 | OK | |
r-devel-linux-x86_64-fedora-clang | 1.3.5 | 50.88 | OK | |||
r-devel-linux-x86_64-fedora-gcc | 1.3.5 | 64.22 | OK | |||
r-patched-linux-x86_64 | 1.3.5 | 3.82 | 35.52 | 39.34 | OK | |
r-release-linux-x86_64 | 1.3.5 | 3.42 | 36.09 | 39.51 | OK | |
r-release-macos-arm64 | 1.3.5 | 51.00 | OK | |||
r-release-macos-x86_64 | 1.3.5 | 29.00 | OK | |||
r-release-windows-x86_64 | 1.3.5 | 17.00 | 75.00 | 92.00 | OK | |
r-oldrel-macos-arm64 | 1.3.5 | 9.00 | ERROR | |||
r-oldrel-macos-x86_64 | 1.3.5 | 27.00 | OK | |||
r-oldrel-windows-ix86+x86_64 | 1.3.5 | 10.00 | 65.00 | 75.00 | OK |
Version: 1.3.5
Check: package dependencies
Result: ERROR
Package required and available but unsuitable version: ‘utils’
See section ‘The DESCRIPTION file’ in the ‘Writing R Extensions’
manual.
Flavor: r-oldrel-macos-arm64