Last updated on 2023-06-02 07:55:29 CEST.
Flavor | Version | Tinstall | Tcheck | Ttotal | Status | Flags |
---|---|---|---|---|---|---|
r-devel-linux-x86_64-debian-clang | 0.2.0 | 114.04 | 293.96 | 408.00 | OK | |
r-devel-linux-x86_64-debian-gcc | 0.2.0 | 98.58 | 218.87 | 317.45 | OK | |
r-devel-linux-x86_64-fedora-clang | 0.2.0 | 518.24 | NOTE | |||
r-devel-linux-x86_64-fedora-gcc | 0.2.0 | 482.14 | OK | |||
r-devel-windows-x86_64 | 0.2.0 | 98.00 | 384.00 | 482.00 | NOTE | |
r-patched-linux-x86_64 | 0.2.0 | OK | ||||
r-release-linux-x86_64 | 0.2.0 | 102.17 | 277.04 | 379.21 | OK | |
r-release-macos-arm64 | 0.2.0 | 133.00 | NOTE | |||
r-release-macos-x86_64 | 0.2.0 | 225.00 | NOTE | |||
r-release-windows-x86_64 | 0.2.0 | 134.00 | 438.00 | 572.00 | NOTE | |
r-oldrel-macos-arm64 | 0.2.0 | 98.00 | NOTE | |||
r-oldrel-macos-x86_64 | 0.2.0 | 141.00 | NOTE | |||
r-oldrel-windows-x86_64 | 0.2.0 | 135.00 | 188.00 | 323.00 | NOTE |
Version: 0.2.0
Check: installed package size
Result: NOTE
installed size is 5.0Mb
sub-directories of 1Mb or more:
R 2.2Mb
help 2.7Mb
Flavors: r-devel-linux-x86_64-fedora-clang, r-devel-windows-x86_64, r-release-macos-arm64, r-release-macos-x86_64, r-release-windows-x86_64, r-oldrel-macos-arm64, r-oldrel-macos-x86_64, r-oldrel-windows-x86_64