Last updated on 2023-06-02 07:55:29 CEST.
Flavor | Version | Tinstall | Tcheck | Ttotal | Status | Flags |
---|---|---|---|---|---|---|
r-devel-linux-x86_64-debian-clang | 0.2.0 | 96.23 | 289.72 | 385.95 | OK | |
r-devel-linux-x86_64-debian-gcc | 0.2.0 | 73.33 | 218.38 | 291.71 | OK | |
r-devel-linux-x86_64-fedora-clang | 0.2.0 | 483.81 | OK | |||
r-devel-linux-x86_64-fedora-gcc | 0.2.0 | 451.18 | OK | |||
r-devel-windows-x86_64 | 0.2.0 | 78.00 | 374.00 | 452.00 | OK | |
r-patched-linux-x86_64 | 0.2.0 | OK | ||||
r-release-linux-x86_64 | 0.2.0 | 85.94 | 274.80 | 360.74 | OK | |
r-release-macos-arm64 | 0.2.0 | 123.00 | NOTE | |||
r-release-macos-x86_64 | 0.2.0 | 209.00 | NOTE | |||
r-release-windows-x86_64 | 0.2.0 | 112.00 | 430.00 | 542.00 | OK | |
r-oldrel-macos-arm64 | 0.2.0 | 92.00 | NOTE | |||
r-oldrel-macos-x86_64 | 0.2.0 | 130.00 | OK | |||
r-oldrel-windows-x86_64 | 0.2.0 | 116.00 | 186.00 | 302.00 | OK |
Version: 0.2.0
Check: installed package size
Result: NOTE
installed size is 5.5Mb
sub-directories of 1Mb or more:
R 2.0Mb
help 3.3Mb
Flavors: r-release-macos-arm64, r-release-macos-x86_64, r-oldrel-macos-arm64