Last updated on 2023-06-02 10:52:39 CEST.
Flavor | Version | Tinstall | Tcheck | Ttotal | Status | Flags |
---|---|---|---|---|---|---|
r-devel-linux-x86_64-debian-clang | 0.2.0 | 116.79 | 315.10 | 431.89 | OK | |
r-devel-linux-x86_64-debian-gcc | 0.2.0 | 96.28 | 238.26 | 334.54 | OK | |
r-devel-linux-x86_64-fedora-clang | 0.2.0 | 551.41 | NOTE | |||
r-devel-linux-x86_64-fedora-gcc | 0.2.0 | 514.37 | OK | |||
r-devel-windows-x86_64 | 0.2.0 | 97.00 | 399.00 | 496.00 | NOTE | |
r-patched-linux-x86_64 | 0.2.0 | OK | ||||
r-release-linux-x86_64 | 0.2.0 | 100.50 | 304.24 | 404.74 | OK | |
r-release-macos-arm64 | 0.2.0 | 141.00 | NOTE | |||
r-release-macos-x86_64 | 0.2.0 | 242.00 | NOTE | |||
r-release-windows-x86_64 | 0.2.0 | 136.00 | 460.00 | 596.00 | NOTE | |
r-oldrel-macos-arm64 | 0.2.0 | 94.00 | NOTE | |||
r-oldrel-macos-x86_64 | 0.2.0 | 132.00 | NOTE | |||
r-oldrel-windows-x86_64 | 0.2.0 | 137.00 | 180.00 | 317.00 | NOTE |
Version: 0.2.0
Check: installed package size
Result: NOTE
installed size is 5.3Mb
sub-directories of 1Mb or more:
R 2.4Mb
help 2.7Mb
Flavors: r-devel-linux-x86_64-fedora-clang, r-devel-windows-x86_64, r-release-macos-arm64, r-release-macos-x86_64, r-release-windows-x86_64, r-oldrel-macos-arm64, r-oldrel-macos-x86_64, r-oldrel-windows-x86_64