Last updated on 2023-03-28 02:54:59 CEST.
Flavor | Version | Tinstall | Tcheck | Ttotal | Status | Flags |
---|---|---|---|---|---|---|
r-devel-linux-x86_64-debian-clang | 0.2.0 | 24.94 | 88.55 | 113.49 | OK | |
r-devel-linux-x86_64-debian-gcc | 0.2.0 | 21.09 | 67.15 | 88.24 | OK | |
r-devel-linux-x86_64-fedora-clang | 0.2.0 | 139.95 | OK | |||
r-devel-linux-x86_64-fedora-gcc | 0.2.0 | 133.63 | OK | |||
r-patched-linux-x86_64 | 0.2.0 | 26.05 | 85.30 | 111.35 | OK | |
r-release-linux-x86_64 | 0.2.0 | 17.28 | 63.33 | 80.61 | OK | |
r-release-macos-arm64 | 0.2.0 | 34.00 | OK | |||
r-release-macos-x86_64 | 0.2.0 | 50.00 | OK | |||
r-release-windows-x86_64 | 0.2.0 | 2216.00 | 114.00 | 2330.00 | OK | |
r-oldrel-macos-arm64 | 0.2.0 | 37.00 | OK | |||
r-oldrel-macos-x86_64 | 0.2.0 | 51.00 | OK | |||
r-oldrel-windows-ix86+x86_64 | 0.2.0 | 40.00 | 92.00 | 132.00 | NOTE |
Version: 0.2.0
Check: R code for possible problems
Result: NOTE
Initiating curl with CURL_SSL_BACKEND: openssl
Flavor: r-oldrel-windows-ix86+x86_64