Last updated on 2023-03-26 15:52:40 CEST.
Flavor | Version | Tinstall | Tcheck | Ttotal | Status | Flags |
---|---|---|---|---|---|---|
r-devel-linux-x86_64-debian-clang | 2.8.0 | 14.00 | 219.70 | 233.70 | OK | |
r-devel-linux-x86_64-debian-gcc | 2.8.0 | 12.70 | 150.47 | 163.17 | OK | |
r-devel-linux-x86_64-fedora-clang | 2.8.0 | 280.40 | NOTE | |||
r-devel-linux-x86_64-fedora-gcc | 2.8.0 | 291.71 | OK | |||
r-patched-linux-x86_64 | 2.8.0 | 15.50 | 199.83 | 215.33 | OK | |
r-release-linux-x86_64 | 2.8.0 | 19.94 | 209.55 | 229.49 | OK | |
r-release-macos-arm64 | 2.8.0 | 120.00 | OK | |||
r-release-macos-x86_64 | 2.8.0 | 161.00 | OK | |||
r-release-windows-x86_64 | 2.8.0 | 61.00 | 210.00 | 271.00 | OK | |
r-oldrel-macos-arm64 | 2.8.0 | 107.00 | OK | |||
r-oldrel-macos-x86_64 | 2.8.0 | 154.00 | OK | |||
r-oldrel-windows-ix86+x86_64 | 2.8.0 | 28.00 | 257.00 | 285.00 | OK |
Version: 2.8.0
Check: Rd cross-references
Result: NOTE
Undeclared package ‘future’ in Rd xrefs
Flavor: r-devel-linux-x86_64-fedora-clang