CRAN Package Check Results for Package pavo

Last updated on 2021-01-20 13:47:50 CET.

Flavor Version Tinstall Tcheck Ttotal Status Flags
r-devel-linux-x86_64-debian-clang 2.6.1 18.79 282.48 301.27 OK
r-devel-linux-x86_64-debian-gcc 2.6.1 13.37 199.90 213.27 OK
r-devel-linux-x86_64-fedora-clang 2.6.1 353.08 NOTE
r-devel-linux-x86_64-fedora-gcc 2.6.1 349.19 OK
r-devel-windows-ix86+x86_64 2.6.1 16.00 232.00 248.00 OK
r-patched-linux-x86_64 2.6.1 17.34 262.56 279.90 OK
r-patched-solaris-x86 2.6.1 473.20 OK
r-release-linux-x86_64 2.6.1 17.23 257.20 274.43 OK
r-release-macos-x86_64 2.6.1 OK
r-release-windows-ix86+x86_64 2.6.1 20.00 234.00 254.00 OK
r-oldrel-macos-x86_64 2.6.1 OK
r-oldrel-windows-ix86+x86_64 2.6.1 17.00 187.00 204.00 OK

Additional issues

ATLAS

Check Details

Version: 2.6.1
Check: Rd cross-references
Result: NOTE
    Undeclared package ‘future’ in Rd xrefs
Flavor: r-devel-linux-x86_64-fedora-clang