Last updated on 2023-10-02 11:11:00 CEST.
Flavor | Version | Tinstall | Tcheck | Ttotal | Status | Flags |
---|---|---|---|---|---|---|
r-devel-linux-x86_64-debian-clang | 2.9.0 | 15.07 | 227.07 | 242.14 | OK | |
r-devel-linux-x86_64-debian-gcc | 2.9.0 | 11.99 | 160.32 | 172.31 | OK | |
r-devel-linux-x86_64-fedora-clang | 2.9.0 | 316.17 | NOTE | |||
r-devel-linux-x86_64-fedora-gcc | 2.9.0 | 288.70 | OK | |||
r-devel-windows-x86_64 | 2.9.0 | 15.00 | 171.00 | 186.00 | OK | |
r-patched-linux-x86_64 | 2.9.0 | 16.16 | 216.61 | 232.77 | OK | |
r-release-linux-x86_64 | 2.9.0 | 15.02 | 218.73 | 233.75 | OK | |
r-release-macos-arm64 | 2.9.0 | 81.00 | OK | |||
r-release-macos-x86_64 | 2.9.0 | 254.00 | OK | |||
r-release-windows-x86_64 | 2.9.0 | 16.00 | 203.00 | 219.00 | OK | |
r-oldrel-macos-arm64 | 2.9.0 | 149.00 | OK | |||
r-oldrel-macos-x86_64 | 2.9.0 | 208.00 | OK | |||
r-oldrel-windows-x86_64 | 2.9.0 | 18.00 | 191.00 | 209.00 | OK |
Version: 2.9.0
Check: Rd cross-references
Result: NOTE
Undeclared package ‘future’ in Rd xrefs
Flavor: r-devel-linux-x86_64-fedora-clang