CRAN Package Check Results for Package pavo

Last updated on 2020-10-21 08:49:22 CEST.

Flavor Version Tinstall Tcheck Ttotal Status Flags
r-devel-linux-x86_64-debian-clang 2.4.0 18.84 290.78 309.62 OK
r-devel-linux-x86_64-debian-gcc 2.4.0 12.75 198.10 210.85 OK
r-devel-linux-x86_64-fedora-clang 2.4.0 371.98 NOTE
r-devel-linux-x86_64-fedora-gcc 2.4.0 362.92 OK
r-devel-windows-ix86+x86_64 2.4.0 23.00 292.00 315.00 OK
r-patched-linux-x86_64 2.4.0 18.86 254.72 273.58 OK
r-patched-solaris-x86 2.4.0 453.90 NOTE
r-release-linux-x86_64 2.4.0 17.23 256.79 274.02 OK
r-release-macos-x86_64 2.4.0 OK
r-release-windows-ix86+x86_64 2.4.0 17.00 203.00 220.00 OK
r-oldrel-macos-x86_64 2.4.0 NOTE
r-oldrel-windows-ix86+x86_64 2.4.0 16.00 195.00 211.00 OK

Check Details

Version: 2.4.0
Check: Rd cross-references
Result: NOTE
    Undeclared package ‘future’ in Rd xrefs
Flavor: r-devel-linux-x86_64-fedora-clang

Version: 2.4.0
Check: installed package size
Result: NOTE
     installed size is 5.6Mb
     sub-directories of 1Mb or more:
     doc 2.3Mb
     testdata 1.8Mb
Flavor: r-patched-solaris-x86

Version: 2.4.0
Check: dependencies in R code
Result: NOTE
    No protocol specified
Flavor: r-oldrel-macos-x86_64