Last updated on 2022-05-27 18:49:43 CEST.
Flavor | Version | Tinstall | Tcheck | Ttotal | Status | Flags |
---|---|---|---|---|---|---|
r-devel-linux-x86_64-debian-clang | 1.0.0 | 58.78 | 252.01 | 310.79 | NOTE | |
r-devel-linux-x86_64-debian-gcc | 1.0.0 | 49.05 | 174.40 | 223.45 | NOTE | |
r-devel-linux-x86_64-fedora-clang | 1.0.0 | 397.73 | NOTE | |||
r-devel-linux-x86_64-fedora-gcc | 1.0.0 | 373.77 | NOTE | |||
r-devel-windows-x86_64 | 1.0.0 | 71.00 | 289.00 | 360.00 | NOTE | |
r-patched-linux-x86_64 | 1.0.0 | 54.41 | 241.57 | 295.98 | NOTE | |
r-release-linux-x86_64 | 1.0.0 | 49.74 | 238.16 | 287.90 | NOTE | |
r-release-macos-arm64 | 1.0.0 | 106.00 | NOTE | |||
r-release-macos-x86_64 | 1.0.0 | 205.00 | NOTE | |||
r-release-windows-x86_64 | 1.0.0 | 75.00 | 295.00 | 370.00 | NOTE | |
r-oldrel-macos-arm64 | 1.0.0 | 109.00 | NOTE | |||
r-oldrel-macos-x86_64 | 1.0.0 | 193.00 | NOTE | |||
r-oldrel-windows-ix86+x86_64 | 1.0.0 | 156.00 | 206.00 | 362.00 | NOTE |
Version: 1.0.0
Check: for GNU extensions in Makefiles
Result: NOTE
GNU make is a SystemRequirements.
Flavors: r-devel-linux-x86_64-debian-clang, r-devel-linux-x86_64-debian-gcc, r-devel-linux-x86_64-fedora-clang, r-devel-linux-x86_64-fedora-gcc, r-devel-windows-x86_64, r-patched-linux-x86_64, r-release-linux-x86_64, r-release-macos-arm64, r-release-macos-x86_64, r-release-windows-x86_64, r-oldrel-macos-arm64, r-oldrel-macos-x86_64, r-oldrel-windows-ix86+x86_64