CRAN Package Check Results for Package patternator

Last updated on 2024-06-13 09:55:14 CEST.

Flavor Version Tinstall Tcheck Ttotal Status Flags
r-devel-linux-x86_64-debian-clang 0.1.0 2.37 28.21 30.58 OK
r-devel-linux-x86_64-debian-gcc 0.1.0 2.04 22.11 24.15 OK
r-devel-linux-x86_64-fedora-clang 0.1.0 40.46 NOTE
r-devel-linux-x86_64-fedora-gcc 0.1.0 37.27 NOTE
r-devel-windows-x86_64 0.1.0 3.00 43.00 46.00 OK
r-patched-linux-x86_64 0.1.0 2.70 27.97 30.67 OK
r-release-linux-x86_64 0.1.0 2.09 27.60 29.69 OK
r-release-macos-arm64 0.1.0 16.00 OK
r-release-macos-x86_64 0.1.0 21.00 OK
r-release-windows-x86_64 0.1.0 4.00 44.00 48.00 OK
r-oldrel-macos-arm64 0.1.0 17.00 OK
r-oldrel-macos-x86_64 0.1.0 23.00 OK
r-oldrel-windows-x86_64 0.1.0 3.00 44.00 47.00 OK

Check Details

Version: 0.1.0
Check: dependencies in R code
Result: NOTE Namespace in Imports field not imported from: ‘graphics’ All declared Imports should be used. Flavors: r-devel-linux-x86_64-fedora-clang, r-devel-linux-x86_64-fedora-gcc