CRAN Package Check Results for Package patchwork

Last updated on 2022-05-22 20:49:18 CEST.

Flavor Version Tinstall Tcheck Ttotal Status Flags
r-devel-linux-x86_64-debian-clang 1.1.1 8.65 144.47 153.12 NOTE
r-devel-linux-x86_64-debian-gcc 1.1.1 6.18 103.26 109.44 NOTE
r-devel-linux-x86_64-fedora-clang 1.1.1 169.47 NOTE
r-devel-linux-x86_64-fedora-gcc 1.1.1 167.26 NOTE
r-devel-windows-x86_64 1.1.1 164.00 156.00 320.00 NOTE
r-patched-linux-x86_64 1.1.1 8.04 130.21 138.25 NOTE
r-release-linux-x86_64 1.1.1 8.56 129.78 138.34 NOTE
r-release-macos-arm64 1.1.1 50.00 NOTE
r-release-macos-x86_64 1.1.1 67.00 NOTE
r-release-windows-x86_64 1.1.1 168.00 159.00 327.00 NOTE
r-oldrel-macos-arm64 1.1.1 60.00 NOTE
r-oldrel-macos-x86_64 1.1.1 142.00 NOTE
r-oldrel-windows-ix86+x86_64 1.1.1 22.00 153.00 175.00 NOTE

Check Details

Version: 1.1.1
Check: LazyData
Result: NOTE
     'LazyData' is specified without a 'data' directory
Flavors: r-devel-linux-x86_64-debian-clang, r-devel-linux-x86_64-debian-gcc, r-devel-linux-x86_64-fedora-clang, r-devel-linux-x86_64-fedora-gcc, r-devel-windows-x86_64, r-patched-linux-x86_64, r-release-linux-x86_64, r-release-macos-arm64, r-release-macos-x86_64, r-release-windows-x86_64, r-oldrel-macos-arm64, r-oldrel-macos-x86_64, r-oldrel-windows-ix86+x86_64