CRAN Package Check Results for Package patchSynctex

Last updated on 2024-06-13 07:50:39 CEST.

Flavor Version Tinstall Tcheck Ttotal Status Flags
r-devel-linux-x86_64-debian-clang 0.1-4 2.85 28.85 31.70 OK
r-devel-linux-x86_64-debian-gcc 0.1-4 0.26 1.53 1.79 ERROR
r-devel-linux-x86_64-fedora-clang 0.1-4 41.31 OK
r-devel-linux-x86_64-fedora-gcc 0.1-4 41.07 NOTE
r-devel-windows-x86_64 0.1-4 4.00 43.00 47.00 OK
r-patched-linux-x86_64 0.1-4 2.87 28.75 31.62 OK
r-release-linux-x86_64 0.1-4 3.19 28.67 31.86 OK
r-release-macos-arm64 0.1-4 18.00 OK
r-release-macos-x86_64 0.1-4 26.00 OK
r-release-windows-x86_64 0.1-4 3.00 43.00 46.00 OK
r-oldrel-macos-arm64 0.1-4 21.00 OK
r-oldrel-macos-x86_64 0.1-4 24.00 OK
r-oldrel-windows-x86_64 0.1-4 4.00 46.00 50.00 OK

Check Details

Version: 0.1-4
Check: package dependencies
Result: ERROR Package required but not available: ‘stringr’ See section ‘The DESCRIPTION file’ in the ‘Writing R Extensions’ manual. Flavor: r-devel-linux-x86_64-debian-gcc

Version: 0.1-4
Check: for non-standard things in the check directory
Result: NOTE Found the following files/directories: ‘Minimal-concordance.tex’ ‘Minimal.Rnw’ ‘Minimal.pdf’ ‘Minimal.synctex.gz’ ‘Minimal.tex’ ‘figure’ Flavor: r-devel-linux-x86_64-fedora-gcc