CRAN Package Check Results for Package parzer

Last updated on 2023-12-09 04:51:01 CET.

Flavor Version Tinstall Tcheck Ttotal Status Flags
r-devel-linux-x86_64-debian-clang 0.4.1 67.43 36.23 103.66 NOTE
r-devel-linux-x86_64-debian-gcc 0.4.1 48.10 27.94 76.04 NOTE
r-devel-linux-x86_64-fedora-clang 0.4.1 148.58 NOTE
r-devel-linux-x86_64-fedora-gcc 0.4.1 166.10 NOTE
r-devel-windows-x86_64 0.4.1 52.00 69.00 121.00 NOTE
r-patched-linux-x86_64 0.4.1 60.38 34.96 95.34 NOTE
r-release-linux-x86_64 0.4.1 56.43 34.37 90.80 NOTE
r-release-macos-arm64 0.4.1 45.00 NOTE
r-release-macos-x86_64 0.4.1 75.00 NOTE
r-release-windows-x86_64 0.4.1 56.00 80.00 136.00 NOTE
r-oldrel-macos-arm64 0.4.1 44.00 OK
r-oldrel-macos-x86_64 0.4.1 49.00 OK
r-oldrel-windows-x86_64 0.4.1 62.00 78.00 140.00 OK

Check Details

Version: 0.4.1
Check: C++ specification
Result: NOTE Specified C++11: please drop specification unless essential Flavors: r-devel-linux-x86_64-debian-clang, r-devel-linux-x86_64-debian-gcc, r-devel-linux-x86_64-fedora-clang, r-devel-linux-x86_64-fedora-gcc, r-devel-windows-x86_64, r-patched-linux-x86_64, r-release-linux-x86_64, r-release-macos-arm64, r-release-macos-x86_64, r-release-windows-x86_64