Last updated on 2023-01-28 02:57:26 CET.
Flavor | Version | Tinstall | Tcheck | Ttotal | Status | Flags |
---|---|---|---|---|---|---|
r-devel-linux-x86_64-debian-clang | 0.4.1 | 63.28 | 33.66 | 96.94 | OK | |
r-devel-linux-x86_64-debian-gcc | 0.4.1 | 54.44 | 26.40 | 80.84 | NOTE | |
r-devel-linux-x86_64-fedora-clang | 0.4.1 | 139.12 | NOTE | |||
r-devel-linux-x86_64-fedora-gcc | 0.4.1 | 155.64 | NOTE | |||
r-patched-linux-x86_64 | 0.4.1 | 57.81 | 33.78 | 91.59 | OK | |
r-release-linux-x86_64 | 0.4.1 | 62.52 | 33.29 | 95.81 | OK | |
r-release-macos-arm64 | 0.4.1 | 35.00 | OK | |||
r-release-macos-x86_64 | 0.4.1 | 49.00 | OK | |||
r-release-windows-x86_64 | 0.4.1 | 63.00 | 89.00 | 152.00 | OK | |
r-oldrel-macos-arm64 | 0.4.1 | 39.00 | NOTE | |||
r-oldrel-macos-x86_64 | 0.4.1 | 50.00 | OK | |||
r-oldrel-windows-ix86+x86_64 | 0.4.1 | 158.00 | 99.00 | 257.00 | OK |
Version: 0.4.1
Check: C++ specification
Result: NOTE
Specified C++11: please update to current default of C++17
Flavors: r-devel-linux-x86_64-debian-gcc, r-devel-linux-x86_64-fedora-clang, r-devel-linux-x86_64-fedora-gcc
Version: 0.4.1
Check: installed package size
Result: NOTE
installed size is 5.0Mb
sub-directories of 1Mb or more:
doc 1.2Mb
libs 3.7Mb
Flavor: r-oldrel-macos-arm64