CRAN Package Check Results for Package particles

Last updated on 2022-06-27 08:50:07 CEST.

Flavor Version Tinstall Tcheck Ttotal Status Flags
r-devel-linux-x86_64-debian-clang 0.2.2 51.52 129.63 181.15 NOTE
r-devel-linux-x86_64-debian-gcc 0.2.2 40.58 95.67 136.25 NOTE
r-devel-linux-x86_64-fedora-clang 0.2.2 247.04 NOTE
r-devel-linux-x86_64-fedora-gcc 0.2.2 228.26 NOTE
r-devel-windows-x86_64 0.2.2 93.00 172.00 265.00 NOTE
r-patched-linux-x86_64 0.2.2 43.86 121.11 164.97 NOTE
r-release-linux-x86_64 0.2.2 43.99 122.69 166.68 NOTE
r-release-macos-arm64 0.2.2 44.00 NOTE
r-release-macos-x86_64 0.2.2 116.00 NOTE
r-release-windows-x86_64 0.2.2 101.00 168.00 269.00 NOTE
r-oldrel-macos-arm64 0.2.2 60.00 NOTE
r-oldrel-macos-x86_64 0.2.2 94.00 NOTE
r-oldrel-windows-ix86+x86_64 0.2.2 127.00 194.00 321.00 NOTE

Check Details

Version: 0.2.2
Check: LazyData
Result: NOTE
     'LazyData' is specified without a 'data' directory
Flavors: r-devel-linux-x86_64-debian-clang, r-devel-linux-x86_64-debian-gcc, r-devel-linux-x86_64-fedora-clang, r-devel-linux-x86_64-fedora-gcc, r-devel-windows-x86_64, r-patched-linux-x86_64, r-release-linux-x86_64, r-release-macos-arm64, r-release-macos-x86_64, r-release-windows-x86_64, r-oldrel-macos-arm64, r-oldrel-macos-x86_64, r-oldrel-windows-ix86+x86_64

Version: 0.2.2
Check: dependencies in R code
Result: NOTE
    Namespace in Imports field not imported from: ‘dplyr’
     All declared Imports should be used.
Flavors: r-devel-linux-x86_64-fedora-clang, r-devel-linux-x86_64-fedora-gcc, r-release-macos-arm64, r-release-macos-x86_64, r-oldrel-macos-arm64, r-oldrel-macos-x86_64