CRAN Package Check Results for Package particles

Last updated on 2023-12-06 16:53:20 CET.

Flavor Version Tinstall Tcheck Ttotal Status Flags
r-devel-linux-x86_64-debian-clang 0.2.3 26.18 132.33 158.51 NOTE
r-devel-linux-x86_64-debian-gcc 0.2.3 18.40 101.16 119.56 NOTE
r-devel-linux-x86_64-fedora-clang 0.2.3 196.72 NOTE
r-devel-linux-x86_64-fedora-gcc 0.2.3 202.78 NOTE
r-devel-windows-x86_64 0.2.3 23.00 111.00 134.00 NOTE
r-patched-linux-x86_64 0.2.3 21.23 128.41 149.64 NOTE
r-release-linux-x86_64 0.2.3 16.28 127.09 143.37 NOTE
r-release-macos-arm64 0.2.3 57.00 NOTE
r-release-macos-x86_64 0.2.3 92.00 NOTE
r-release-windows-x86_64 0.2.3 33.00 143.00 176.00 NOTE
r-oldrel-macos-arm64 0.2.3 53.00 OK
r-oldrel-macos-x86_64 0.2.3 74.00 OK
r-oldrel-windows-x86_64 0.2.3 31.00 142.00 173.00 OK

Check Details

Version: 0.2.3
Check: C++ specification
Result: NOTE Specified C++11: please drop specification unless essential Flavors: r-devel-linux-x86_64-debian-clang, r-devel-linux-x86_64-debian-gcc, r-devel-linux-x86_64-fedora-clang, r-devel-linux-x86_64-fedora-gcc, r-devel-windows-x86_64, r-patched-linux-x86_64, r-release-linux-x86_64, r-release-macos-arm64, r-release-macos-x86_64, r-release-windows-x86_64