CRAN Package Check Results for Package parsnip

Last updated on 2019-02-20 00:55:19 CET.

Flavor Version Tinstall Tcheck Ttotal Status Flags
r-devel-linux-x86_64-debian-clang 0.0.1 8.70 65.68 74.38 OK
r-devel-linux-x86_64-debian-gcc 0.0.1 6.62 50.01 56.63 OK
r-devel-linux-x86_64-fedora-clang 0.0.1 87.08 OK
r-devel-linux-x86_64-fedora-gcc 0.0.1 79.29 OK
r-devel-windows-ix86+x86_64 0.0.1 22.00 104.00 126.00 OK
r-patched-linux-x86_64 0.0.1 OK
r-patched-solaris-x86 0.0.1 119.40 NOTE
r-release-linux-x86_64 0.0.1 6.50 58.47 64.97 OK
r-release-windows-ix86+x86_64 0.0.1 11.00 100.00 111.00 OK
r-release-osx-x86_64 0.0.1 ERROR
r-oldrel-windows-ix86+x86_64 0.0.1 10.00 72.00 82.00 OK
r-oldrel-osx-x86_64 0.0.1 ERROR

Check Details

Version: 0.0.1
Check: package dependencies
Result: NOTE
    Package suggested but not available for checking: ‘xgboost’
Flavor: r-patched-solaris-x86

Version: 0.0.1
Check: tests
Result: ERROR
     Running ‘testthat.R’ [35s/35s]
    Running the tests in ‘tests/testthat.R’ failed.
    Last 13 lines of output:
     3L, 3L, 3L, 3L, 3L, 3L, 3L, 3L, 3L), .Label = c("setosa", "versicolor", "virginica"
     ), class = "factor", contrasts = "contr.dummy"), TRUE)
     18: get(ctr, mode = "function", envir = parent.frame())
    
     ══ testthat results ═══════════════════════════════════════════════════════════
     OK: 598 SKIPPED: 20 FAILED: 6
     1. Error: submodel prediction (@test_boost_tree_C50.R#113)
     2. Error: stan prediction (@test_linear_reg_stan.R#57)
     3. Error: stan intervals (@test_linear_reg_stan.R#105)
     4. Error: stan intervals (@test_logistic_reg_stan.R#151)
     5. Error: kknn prediction (@test_nearest_neighbor_kknn.R#95)
     6. Error: (unknown) (@test_predict_formats.R#9)
    
     Error: testthat unit tests failed
     Execution halted
Flavor: r-release-osx-x86_64

Version: 0.0.1
Check: tests
Result: ERROR
     Running ‘testthat.R’ [45s/45s]
    Running the tests in ‘tests/testthat.R’ failed.
    Last 13 lines of output:
     3L, 3L, 3L, 3L, 3L, 3L, 3L, 3L, 3L), .Label = c("setosa", "versicolor", "virginica"
     ), class = "factor", contrasts = "contr.dummy"), TRUE)
     18: get(ctr, mode = "function", envir = parent.frame())
    
     ══ testthat results ═══════════════════════════════════════════════════════════
     OK: 598 SKIPPED: 20 FAILED: 6
     1. Error: submodel prediction (@test_boost_tree_C50.R#113)
     2. Error: stan prediction (@test_linear_reg_stan.R#57)
     3. Error: stan intervals (@test_linear_reg_stan.R#105)
     4. Error: stan intervals (@test_logistic_reg_stan.R#151)
     5. Error: kknn prediction (@test_nearest_neighbor_kknn.R#95)
     6. Error: (unknown) (@test_predict_formats.R#9)
    
     Error: testthat unit tests failed
     Execution halted
Flavor: r-oldrel-osx-x86_64