CRAN Package Check Results for Package parsnip

Last updated on 2021-12-06 14:53:59 CET.

Flavor Version Tinstall Tcheck Ttotal Status Flags
r-devel-linux-x86_64-debian-clang 0.1.7 14.86 215.07 229.93 OK
r-devel-linux-x86_64-debian-gcc 0.1.7 14.18 166.41 180.59 OK
r-devel-linux-x86_64-fedora-clang 0.1.7 267.42 NOTE
r-devel-linux-x86_64-fedora-gcc 0.1.7 264.05 OK
r-devel-windows-x86_64-new-UL 0.1.7 40.00 260.00 300.00 OK
r-devel-windows-x86_64-new-TK 0.1.7 OK
r-devel-windows-x86_64-old 0.1.7 24.00 179.00 203.00 OK
r-patched-linux-x86_64 0.1.7 16.87 194.67 211.54 OK
r-release-linux-x86_64 0.1.7 14.61 200.24 214.85 OK
r-release-macos-arm64 0.1.7 OK
r-release-macos-x86_64 0.1.7 OK
r-release-windows-ix86+x86_64 0.1.7 29.00 243.00 272.00 OK
r-oldrel-macos-x86_64 0.1.7 OK
r-oldrel-windows-ix86+x86_64 0.1.7 30.00 248.00 278.00 OK

Check Details

Version: 0.1.7
Check: Rd cross-references
Result: NOTE
    Undeclared packages ‘glmnet’, ‘rstan’, ‘rstanarm’, ‘discrim’, ‘devtools’, ‘broom’ in Rd xrefs
Flavor: r-devel-linux-x86_64-fedora-clang