Last updated on 2023-06-06 17:00:52 CEST.
Flavor | Version | Tinstall | Tcheck | Ttotal | Status | Flags |
---|---|---|---|---|---|---|
r-devel-linux-x86_64-debian-clang | 1.1.0 | 19.92 | 231.67 | 251.59 | OK | |
r-devel-linux-x86_64-debian-gcc | 1.1.0 | 17.62 | 177.41 | 195.03 | OK | |
r-devel-linux-x86_64-fedora-clang | 1.1.0 | 308.29 | NOTE | |||
r-devel-linux-x86_64-fedora-gcc | 1.1.0 | 304.50 | OK | |||
r-devel-windows-x86_64 | 1.1.0 | 20.00 | 226.00 | 246.00 | OK | |
r-patched-linux-x86_64 | 1.1.0 | 33.43 | 214.44 | 247.87 | OK | |
r-release-linux-x86_64 | 1.1.0 | 20.42 | 215.01 | 235.43 | OK | |
r-release-macos-arm64 | 1.1.0 | 89.00 | OK | |||
r-release-macos-x86_64 | 1.1.0 | 166.00 | OK | |||
r-release-windows-x86_64 | 1.1.0 | 26.00 | 267.00 | 293.00 | OK | |
r-oldrel-macos-arm64 | 1.1.0 | 77.00 | OK | |||
r-oldrel-macos-x86_64 | 1.1.0 | 109.00 | OK | |||
r-oldrel-windows-x86_64 | 1.1.0 | 26.00 | 209.00 | 235.00 | OK |
Version: 1.1.0
Check: Rd cross-references
Result: NOTE
Undeclared packages ‘partykit’, ‘Cubist’, ‘rules’, ‘h2o’, ‘agua’, ‘baguette’, ‘ipred’, ‘dbarts’, ‘lightgbm’, ‘bonsai’, ‘mboost’, ‘mda’, ‘sda’, ‘sparsediscrim’, ‘klaR’, ‘workflows’, ‘brulee’, ‘glmnet’, ‘rstan’, ‘rstanarm’, ‘naivebayes’, ‘plsmod’, ‘pscl’, ‘aorsf’, ‘randomForest’, ‘xrf’, ‘flexsurv’, ‘broom’ in Rd xrefs
Flavor: r-devel-linux-x86_64-fedora-clang