Last updated on 2023-12-10 19:49:19 CET.
Flavor | Version | Tinstall | Tcheck | Ttotal | Status | Flags |
---|---|---|---|---|---|---|
r-devel-linux-x86_64-debian-clang | 0.5.6.1 | 8.74 | 99.05 | 107.79 | NOTE | |
r-devel-linux-x86_64-debian-gcc | 0.5.6.1 | 6.68 | 73.95 | 80.63 | NOTE | |
r-devel-linux-x86_64-fedora-clang | 0.5.6.1 | 132.07 | NOTE | |||
r-devel-linux-x86_64-fedora-gcc | 0.5.6.1 | 135.93 | NOTE | |||
r-devel-windows-x86_64 | 0.5.6.1 | 9.00 | 106.00 | 115.00 | NOTE | |
r-patched-linux-x86_64 | 0.5.6.1 | 7.68 | 95.00 | 102.68 | OK | |
r-release-linux-x86_64 | 0.5.6.1 | 5.72 | 94.36 | 100.08 | OK | |
r-release-macos-arm64 | 0.5.6.1 | 60.00 | OK | |||
r-release-macos-x86_64 | 0.5.6.1 | 114.00 | OK | |||
r-release-windows-x86_64 | 0.5.6.1 | 11.00 | 125.00 | 136.00 | OK | |
r-oldrel-macos-arm64 | 0.5.6.1 | 56.00 | OK | |||
r-oldrel-macos-x86_64 | 0.5.6.1 | 82.00 | OK | |||
r-oldrel-windows-x86_64 | 0.5.6.1 | 12.00 | 122.00 | 134.00 | OK |
Version: 0.5.6.1
Check: Rd \usage sections
Result: NOTE
Documented arguments not in \usage in Rd file 'expect_missing_argument.Rd':
‘message’
Functions with \usage entries need to have the appropriate \alias
entries, and all their arguments documented.
The \usage entries must correspond to syntactically valid R code.
See chapter ‘Writing R documentation files’ in the ‘Writing R
Extensions’ manual.
Flavors: r-devel-linux-x86_64-debian-clang, r-devel-linux-x86_64-debian-gcc, r-devel-linux-x86_64-fedora-clang, r-devel-linux-x86_64-fedora-gcc, r-devel-windows-x86_64