Last updated on 2025-01-15 21:48:30 CET.
Flavor | Version | Tinstall | Tcheck | Ttotal | Status | Flags |
---|---|---|---|---|---|---|
r-devel-linux-x86_64-debian-clang | 0.3.3 | 63.65 | 48.84 | 112.49 | OK | |
r-devel-linux-x86_64-debian-gcc | 0.3.3 | 46.10 | 36.64 | 82.74 | OK | |
r-devel-linux-x86_64-fedora-clang | 0.3.3 | 210.97 | OK | |||
r-devel-linux-x86_64-fedora-gcc | 0.3.3 | 240.46 | OK | |||
r-devel-windows-x86_64 | 0.3.3 | 70.00 | 95.00 | 165.00 | OK | |
r-patched-linux-x86_64 | 0.3.3 | 63.69 | 45.97 | 109.66 | OK | |
r-release-linux-x86_64 | 0.3.3 | 64.83 | 46.35 | 111.18 | OK | |
r-release-macos-arm64 | 0.3.3 | 53.00 | NOTE | |||
r-release-macos-x86_64 | 0.3.3 | 71.00 | NOTE | |||
r-release-windows-x86_64 | 0.3.3 | 72.00 | 95.00 | 167.00 | OK | |
r-oldrel-macos-arm64 | 0.3.3 | 68.00 | NOTE | |||
r-oldrel-macos-x86_64 | 0.3.3 | 95.00 | NOTE | |||
r-oldrel-windows-x86_64 | 0.3.3 | 78.00 | 115.00 | 193.00 | OK |
Version: 0.3.3
Check: installed package size
Result: NOTE
installed size is 5.7Mb
sub-directories of 1Mb or more:
libs 4.2Mb
Flavors: r-release-macos-arm64, r-release-macos-x86_64, r-oldrel-macos-arm64, r-oldrel-macos-x86_64