CRAN Package Check Results for Package parmsurvfit

Last updated on 2020-06-01 05:48:21 CEST.

Flavor Version Tinstall Tcheck Ttotal Status Flags
r-devel-linux-x86_64-debian-clang 0.1.0 10.11 87.13 97.24 OK
r-devel-linux-x86_64-debian-gcc 0.1.0 8.39 67.34 75.73 OK
r-devel-linux-x86_64-fedora-clang 0.1.0 124.52 NOTE
r-devel-linux-x86_64-fedora-gcc 0.1.0 112.86 NOTE
r-devel-windows-ix86+x86_64 0.1.0 26.00 135.00 161.00 OK
r-patched-linux-x86_64 0.1.0 8.71 88.47 97.18 OK
r-patched-solaris-x86 0.1.0 175.70 NOTE
r-release-linux-x86_64 0.1.0 9.73 88.32 98.05 OK
r-release-osx-x86_64 0.1.0 NOTE
r-release-windows-ix86+x86_64 0.1.0 21.00 162.00 183.00 OK
r-oldrel-osx-x86_64 0.1.0 NOTE
r-oldrel-windows-ix86+x86_64 0.1.0 18.00 103.00 121.00 OK

Check Details

Version: 0.1.0
Check: dependencies in R code
Result: NOTE
    Namespace in Imports field not imported from: ‘flexsurv’
     All declared Imports should be used.
Flavors: r-devel-linux-x86_64-fedora-clang, r-devel-linux-x86_64-fedora-gcc, r-patched-solaris-x86, r-release-osx-x86_64, r-oldrel-osx-x86_64