CRAN Package Check Results for Package parma

Last updated on 2022-05-28 18:51:20 CEST.

Flavor Version Tinstall Tcheck Ttotal Status Flags
r-devel-linux-x86_64-debian-clang 1.5-3 18.12 96.98 115.10 NOTE
r-devel-linux-x86_64-debian-gcc 1.5-3 14.44 71.55 85.99 NOTE
r-devel-linux-x86_64-fedora-clang 1.5-3 141.01 NOTE
r-devel-linux-x86_64-fedora-gcc 1.5-3 138.83 NOTE
r-devel-windows-x86_64 1.5-3 47.00 134.00 181.00 OK
r-patched-linux-x86_64 1.5-3 18.37 92.16 110.53 OK
r-release-linux-x86_64 1.5-3 12.39 94.89 107.28 OK
r-release-macos-arm64 1.5-3 39.00 OK
r-release-macos-x86_64 1.5-3 68.00 OK
r-release-windows-x86_64 1.5-3 48.00 134.00 182.00 OK
r-oldrel-macos-arm64 1.5-3 48.00 NOTE
r-oldrel-macos-x86_64 1.5-3 67.00 OK
r-oldrel-windows-ix86+x86_64 1.5-3 35.00 118.00 153.00 OK

Check Details

Version: 1.5-3
Check: HTML version of manual
Result: NOTE
    Found the following problems:
    parma-package.Rd:106:1: Warning: trimming empty <p>
Flavors: r-devel-linux-x86_64-debian-clang, r-devel-linux-x86_64-debian-gcc

Version: 1.5-3
Check: compiled code
Result: NOTE
    File ‘parma/libs/parma.so’:
     Found no calls to: ‘R_registerRoutines’, ‘R_useDynamicSymbols’
    
    It is good practice to register native routines and to disable symbol
    search.
    
    See ‘Writing portable packages’ in the ‘Writing R Extensions’ manual.
Flavors: r-devel-linux-x86_64-fedora-clang, r-devel-linux-x86_64-fedora-gcc

Version: 1.5-3
Check: package dependencies
Result: NOTE
    Package suggested but not available for checking: ‘Rsymphony’
Flavor: r-oldrel-macos-arm64