CRAN Package Check Results for Package parglm

Last updated on 2022-12-08 19:49:42 CET.

Flavor Version Tinstall Tcheck Ttotal Status Flags
r-devel-linux-x86_64-debian-clang 0.1.7 93.34 83.36 176.70 OK
r-devel-linux-x86_64-debian-gcc 0.1.7 72.02 65.12 137.14 OK
r-devel-linux-x86_64-fedora-clang 0.1.7 260.99 OK
r-devel-linux-x86_64-fedora-gcc 0.1.7 251.23 OK
r-devel-windows-x86_64 0.1.7 79.00 129.00 208.00 OK
r-patched-linux-x86_64 0.1.7 76.37 82.56 158.93 OK
r-release-linux-x86_64 0.1.7 77.65 80.91 158.56 OK
r-release-macos-arm64 0.1.7 61.00 OK
r-release-macos-x86_64 0.1.7 77.00 OK
r-release-windows-x86_64 0.1.7 80.00 136.00 216.00 OK
r-oldrel-macos-arm64 0.1.7 71.00 NOTE
r-oldrel-macos-x86_64 0.1.7 75.00 OK
r-oldrel-windows-ix86+x86_64 0.1.7 231.00 158.00 389.00 OK

Check Details

Version: 0.1.7
Check: installed package size
Result: NOTE
     installed size is 5.5Mb
     sub-directories of 1Mb or more:
     libs 4.7Mb
Flavor: r-oldrel-macos-arm64