Last updated on 2023-09-25 06:11:10 CEST.
Flavor | Version | Tinstall | Tcheck | Ttotal | Status | Flags |
---|---|---|---|---|---|---|
r-devel-linux-x86_64-debian-clang | 0.1.7 | 89.10 | 86.81 | 175.91 | NOTE | |
r-devel-linux-x86_64-debian-gcc | 0.1.7 | 72.71 | 65.86 | 138.57 | NOTE | |
r-devel-linux-x86_64-fedora-clang | 0.1.7 | 257.81 | NOTE | |||
r-devel-linux-x86_64-fedora-gcc | 0.1.7 | 266.06 | NOTE | |||
r-devel-windows-x86_64 | 0.1.7 | 73.00 | 115.00 | 188.00 | NOTE | |
r-patched-linux-x86_64 | 0.1.7 | 96.11 | 83.57 | 179.68 | NOTE | |
r-release-linux-x86_64 | 0.1.7 | 98.71 | 86.19 | 184.90 | NOTE | |
r-release-macos-arm64 | 0.1.7 | 73.00 | NOTE | |||
r-release-macos-x86_64 | 0.1.7 | 121.00 | NOTE | |||
r-release-windows-x86_64 | 0.1.7 | 98.00 | 116.00 | 214.00 | NOTE | |
r-oldrel-macos-arm64 | 0.1.7 | 65.00 | OK | |||
r-oldrel-macos-x86_64 | 0.1.7 | 77.00 | OK | |||
r-oldrel-windows-x86_64 | 0.1.7 | 93.00 | 116.00 | 209.00 | OK |
Version: 0.1.7
Check: C++ specification
Result: NOTE
Specified C++11: please drop specification unless essential
Flavors: r-devel-linux-x86_64-debian-clang, r-devel-linux-x86_64-debian-gcc, r-devel-linux-x86_64-fedora-clang, r-devel-linux-x86_64-fedora-gcc, r-devel-windows-x86_64, r-patched-linux-x86_64, r-release-linux-x86_64, r-release-macos-arm64, r-release-macos-x86_64, r-release-windows-x86_64