CRAN Package Check Results for Package paramtest

Last updated on 2022-06-28 15:53:23 CEST.

Flavor Version Tinstall Tcheck Ttotal Status Flags
r-devel-linux-x86_64-debian-clang 0.1.0 2.62 46.49 49.11 NOTE
r-devel-linux-x86_64-debian-gcc 0.1.0 2.02 34.34 36.36 NOTE
r-devel-linux-x86_64-fedora-clang 0.1.0 67.55 NOTE
r-devel-linux-x86_64-fedora-gcc 0.1.0 66.73 NOTE
r-devel-windows-x86_64 0.1.0 26.00 79.00 105.00 NOTE
r-patched-linux-x86_64 0.1.0 2.22 43.22 45.44 NOTE
r-release-linux-x86_64 0.1.0 2.45 44.09 46.54 NOTE
r-release-macos-arm64 0.1.0 22.00 NOTE
r-release-macos-x86_64 0.1.0 31.00 NOTE
r-release-windows-x86_64 0.1.0 26.00 76.00 102.00 NOTE
r-oldrel-macos-arm64 0.1.0 31.00 NOTE
r-oldrel-macos-x86_64 0.1.0 45.00 NOTE
r-oldrel-windows-ix86+x86_64 0.1.0 6.00 64.00 70.00 NOTE

Check Details

Version: 0.1.0
Check: LazyData
Result: NOTE
     'LazyData' is specified without a 'data' directory
Flavors: r-devel-linux-x86_64-debian-clang, r-devel-linux-x86_64-debian-gcc, r-devel-linux-x86_64-fedora-clang, r-devel-linux-x86_64-fedora-gcc, r-devel-windows-x86_64, r-patched-linux-x86_64, r-release-linux-x86_64, r-release-macos-arm64, r-release-macos-x86_64, r-release-windows-x86_64, r-oldrel-macos-arm64, r-oldrel-macos-x86_64, r-oldrel-windows-ix86+x86_64