CRAN Package Check Results for Package parameters

Last updated on 2024-02-29 15:53:53 CET.

Flavor Version Tinstall Tcheck Ttotal Status Flags
r-devel-linux-x86_64-debian-clang 0.21.5 30.16 459.98 490.14 NOTE
r-devel-linux-x86_64-debian-gcc 0.21.5 27.57 347.08 374.65 OK
r-devel-linux-x86_64-fedora-clang 0.21.5 645.92 NOTE
r-devel-linux-x86_64-fedora-gcc 0.21.5 617.24 OK
r-devel-windows-x86_64 0.21.5 29.00 295.00 324.00 OK
r-patched-linux-x86_64 0.21.5 46.07 457.31 503.38 OK
r-release-linux-x86_64 0.21.5 26.35 456.20 482.55 OK
r-release-macos-arm64 0.21.5 196.00 OK
r-release-macos-x86_64 0.21.5 322.00 OK
r-release-windows-x86_64 0.21.5 40.00 399.00 439.00 OK
r-oldrel-macos-arm64 0.21.5 144.00 OK
r-oldrel-windows-x86_64 0.21.5 36.00 377.00 413.00 OK

Check Details

Version: 0.21.5
Check: package dependencies
Result: NOTE Package suggested but not available for checking: ‘BayesFM’ Flavors: r-devel-linux-x86_64-debian-clang, r-devel-linux-x86_64-fedora-clang