CRAN Package Check Results for Package parallelMap

Last updated on 2023-06-06 17:00:52 CEST.

Flavor Version Tinstall Tcheck Ttotal Status Flags
r-devel-linux-x86_64-debian-clang 1.5.1 4.14 61.45 65.59 OK
r-devel-linux-x86_64-debian-gcc 1.5.1 2.84 48.46 51.30 OK
r-devel-linux-x86_64-fedora-clang 1.5.1 80.38 OK
r-devel-linux-x86_64-fedora-gcc 1.5.1 75.19 OK
r-devel-windows-x86_64 1.5.1 9.00 76.00 85.00 OK
r-patched-linux-x86_64 1.5.1 3.28 58.36 61.64 OK
r-release-linux-x86_64 1.5.1 3.50 58.89 62.39 OK
r-release-macos-arm64 1.5.1 33.00 NOTE
r-release-macos-x86_64 1.5.1 49.00 NOTE
r-release-windows-x86_64 1.5.1 7.00 87.00 94.00 OK
r-oldrel-macos-arm64 1.5.1 33.00 NOTE
r-oldrel-macos-x86_64 1.5.1 42.00 NOTE
r-oldrel-windows-x86_64 1.5.1 6.00 86.00 92.00 OK

Check Details

Version: 1.5.1
Check: package dependencies
Result: NOTE
    Package suggested but not available for checking: ‘Rmpi’
Flavors: r-release-macos-arm64, r-release-macos-x86_64, r-oldrel-macos-arm64, r-oldrel-macos-x86_64