Last updated on 2022-06-28 22:49:35 CEST.
Flavor | Version | Tinstall | Tcheck | Ttotal | Status | Flags |
---|---|---|---|---|---|---|
r-devel-linux-x86_64-debian-clang | 1.5.1 | 4.07 | 61.17 | 65.24 | OK | |
r-devel-linux-x86_64-debian-gcc | 1.5.1 | 2.81 | 47.21 | 50.02 | OK | |
r-devel-linux-x86_64-fedora-clang | 1.5.1 | 86.91 | OK | |||
r-devel-linux-x86_64-fedora-gcc | 1.5.1 | 85.76 | OK | |||
r-devel-windows-x86_64 | 1.5.1 | 53.00 | 105.00 | 158.00 | OK | |
r-patched-linux-x86_64 | 1.5.1 | 4.16 | 57.93 | 62.09 | OK | |
r-release-linux-x86_64 | 1.5.1 | 3.80 | 58.32 | 62.12 | OK | |
r-release-macos-arm64 | 1.5.1 | 33.00 | NOTE | |||
r-release-macos-x86_64 | 1.5.1 | 42.00 | NOTE | |||
r-release-windows-x86_64 | 1.5.1 | 50.00 | 101.00 | 151.00 | OK | |
r-oldrel-macos-arm64 | 1.5.1 | 43.00 | NOTE | |||
r-oldrel-macos-x86_64 | 1.5.1 | 41.00 | NOTE | |||
r-oldrel-windows-ix86+x86_64 | 1.5.1 | 7.00 | 90.00 | 97.00 | OK |
Version: 1.5.1
Check: package dependencies
Result: NOTE
Package suggested but not available for checking: ‘Rmpi’
Flavors: r-release-macos-arm64, r-release-macos-x86_64, r-oldrel-macos-arm64, r-oldrel-macos-x86_64