Last updated on 2023-11-30 05:51:00 CET.
Flavor | Version | Tinstall | Tcheck | Ttotal | Status | Flags |
---|---|---|---|---|---|---|
r-devel-linux-x86_64-debian-clang | 1.5.1 | 3.64 | 62.33 | 65.97 | OK | |
r-devel-linux-x86_64-debian-gcc | 1.5.1 | 3.03 | 47.90 | 50.93 | OK | |
r-devel-linux-x86_64-fedora-clang | 1.5.1 | 80.58 | OK | |||
r-devel-linux-x86_64-fedora-gcc | 1.5.1 | 76.82 | OK | |||
r-devel-windows-x86_64 | 1.5.1 | 4.00 | 74.00 | 78.00 | OK | |
r-patched-linux-x86_64 | 1.5.1 | 4.26 | 59.10 | 63.36 | OK | |
r-release-linux-x86_64 | 1.5.1 | 3.74 | 59.72 | 63.46 | OK | |
r-release-macos-arm64 | 1.5.1 | 33.00 | NOTE | |||
r-release-macos-x86_64 | 1.5.1 | 49.00 | NOTE | |||
r-release-windows-x86_64 | 1.5.1 | 6.00 | 87.00 | 93.00 | OK | |
r-oldrel-macos-arm64 | 1.5.1 | 33.00 | NOTE | |||
r-oldrel-macos-x86_64 | 1.5.1 | 42.00 | NOTE | |||
r-oldrel-windows-x86_64 | 1.5.1 | 6.00 | 89.00 | 95.00 | OK |
Version: 1.5.1
Check: package dependencies
Result: NOTE
Package suggested but not available for checking: ‘Rmpi’
Flavors: r-release-macos-arm64, r-release-macos-x86_64, r-oldrel-macos-arm64, r-oldrel-macos-x86_64