CRAN Package Check Results for Package parallelMap

Last updated on 2019-04-21 20:48:28 CEST.

Flavor Version Tinstall Tcheck Ttotal Status Flags
r-devel-linux-x86_64-debian-clang 1.3 2.03 38.10 40.13 NOTE
r-devel-linux-x86_64-debian-gcc 1.3 1.94 31.74 33.68 NOTE
r-devel-linux-x86_64-fedora-clang 1.3 47.71 NOTE
r-devel-linux-x86_64-fedora-gcc 1.3 46.11 NOTE
r-devel-windows-ix86+x86_64 1.3 7.00 55.00 62.00 NOTE
r-patched-linux-x86_64 1.3 2.26 37.53 39.79 NOTE
r-patched-solaris-x86 1.3 83.60 NOTE
r-release-linux-x86_64 1.3 1.84 36.90 38.74 NOTE
r-release-windows-ix86+x86_64 1.3 3.00 90.00 93.00 NOTE
r-release-osx-x86_64 1.3 NOTE
r-oldrel-windows-ix86+x86_64 1.3 4.00 74.00 78.00 NOTE
r-oldrel-osx-x86_64 1.3 NOTE

Check Details

Version: 1.3
Check: R code for possible problems
Result: NOTE
    parallelExport: no visible global function definition for 'setNames'
    parallelGetOptions: no visible global function definition for
     'setNames'
    parallelStop: no visible global function definition for
     'getFromNamespace'
    stopWithJobErrorMessages: no visible global function definition for
     'head'
    Undefined global functions or variables:
     getFromNamespace head setNames
    Consider adding
     importFrom("stats", "setNames")
     importFrom("utils", "getFromNamespace", "head")
    to your NAMESPACE file.
Flavors: r-devel-linux-x86_64-debian-clang, r-devel-linux-x86_64-debian-gcc, r-devel-linux-x86_64-fedora-clang, r-devel-linux-x86_64-fedora-gcc, r-devel-windows-ix86+x86_64, r-patched-linux-x86_64, r-patched-solaris-x86, r-release-linux-x86_64, r-release-windows-ix86+x86_64, r-release-osx-x86_64, r-oldrel-windows-ix86+x86_64, r-oldrel-osx-x86_64

Version: 1.3
Check: package dependencies
Result: NOTE
    Package suggested but not available for checking: ‘Rmpi’
Flavors: r-release-osx-x86_64, r-oldrel-osx-x86_64

Version: 1.3
Check: Rd cross-references
Result: NOTE
    Package unavailable to check Rd xrefs: ‘Rmpi’
Flavors: r-release-osx-x86_64, r-oldrel-osx-x86_64