CRAN Package Check Results for Package parallelMap

Last updated on 2019-06-24 12:47:12 CEST.

Flavor Version Tinstall Tcheck Ttotal Status Flags
r-devel-linux-x86_64-debian-clang 1.4 2.41 49.66 52.07 OK
r-devel-linux-x86_64-debian-gcc 1.4 2.09 43.80 45.89 OK
r-devel-linux-x86_64-fedora-clang 1.4 57.72 OK
r-devel-linux-x86_64-fedora-gcc 1.4 54.70 OK
r-devel-windows-ix86+x86_64 1.4 8.00 65.00 73.00 OK
r-patched-linux-x86_64 1.4 2.60 50.96 53.56 OK
r-patched-solaris-x86 1.4 97.00 OK
r-release-linux-x86_64 1.4 2.72 48.07 50.79 OK
r-release-windows-ix86+x86_64 1.4 5.00 98.00 103.00 OK
r-release-osx-x86_64 1.4 NOTE
r-oldrel-windows-ix86+x86_64 1.4 4.00 62.00 66.00 OK
r-oldrel-osx-x86_64 1.4 NOTE

Check Details

Version: 1.4
Check: package dependencies
Result: NOTE
    Package suggested but not available for checking: ‘Rmpi’
Flavors: r-release-osx-x86_64, r-oldrel-osx-x86_64

Version: 1.4
Check: Rd cross-references
Result: NOTE
    Package unavailable to check Rd xrefs: ‘Rmpi’
Flavors: r-release-osx-x86_64, r-oldrel-osx-x86_64