Last updated on 2025-01-25 06:49:19 CET.
Flavor | Version | Tinstall | Tcheck | Ttotal | Status | Flags |
---|---|---|---|---|---|---|
r-devel-linux-x86_64-debian-clang | 1.0.0.4 | 10.67 | 53.13 | 63.80 | NOTE | |
r-devel-linux-x86_64-debian-gcc | 1.0.0.4 | 7.12 | 38.75 | 45.87 | NOTE | |
r-devel-linux-x86_64-fedora-clang | 1.0.0.4 | 104.16 | OK | |||
r-devel-linux-x86_64-fedora-gcc | 1.0.0.4 | 115.97 | NOTE | |||
r-devel-windows-x86_64 | 1.0.0.4 | 14.00 | 69.00 | 83.00 | OK | |
r-patched-linux-x86_64 | 1.0.0.4 | 11.35 | 49.70 | 61.05 | OK | |
r-release-linux-x86_64 | 1.0.0.4 | 8.99 | 49.75 | 58.74 | OK | |
r-release-macos-arm64 | 1.0.0.4 | 40.00 | OK | |||
r-release-macos-x86_64 | 1.0.0.4 | 70.00 | OK | |||
r-release-windows-x86_64 | 1.0.0.4 | 13.00 | 70.00 | 83.00 | OK | |
r-oldrel-macos-arm64 | 1.0.0.4 | 46.00 | OK | |||
r-oldrel-macos-x86_64 | 1.0.0.4 | 63.00 | OK | |||
r-oldrel-windows-x86_64 | 1.0.0.4 | 16.00 | 77.00 | 93.00 | OK |
Version: 1.0.0.4
Check: DESCRIPTION meta-information
Result: NOTE
Missing dependency on R >= 4.1.0 because package code uses the pipe
|> or function shorthand \(...) syntax added in R 4.1.0.
File(s) using such syntax:
‘mod_control_form.R’ ‘mod_leaflet_map.R’
Flavors: r-devel-linux-x86_64-debian-clang, r-devel-linux-x86_64-debian-gcc, r-devel-linux-x86_64-fedora-gcc