CRAN Package Check Results for Package pangaear

Last updated on 2023-03-31 16:53:56 CEST.

Flavor Version Tinstall Tcheck Ttotal Status Flags
r-devel-linux-x86_64-debian-clang 1.1.0 5.77 58.42 64.19 OK
r-devel-linux-x86_64-debian-gcc 1.1.0 5.01 44.23 49.24 OK
r-devel-linux-x86_64-fedora-clang 1.1.0 79.44 OK
r-devel-linux-x86_64-fedora-gcc 1.1.0 86.44 OK
r-devel-windows-x86_64 1.1.0 36.00 0.00 36.00 OK
r-patched-linux-x86_64 1.1.0 6.83 55.70 62.53 OK
r-release-linux-x86_64 1.1.0 4.85 55.44 60.29 OK
r-release-macos-arm64 1.1.0 26.00 OK
r-release-macos-x86_64 1.1.0 40.00 OK
r-release-windows-x86_64 1.1.0 11.00 92.00 103.00 OK
r-oldrel-macos-arm64 1.1.0 32.00 OK
r-oldrel-macos-x86_64 1.1.0 50.00 OK
r-oldrel-windows-ix86+x86_64 1.1.0 14.00 87.00 101.00 NOTE

Check Details

Version: 1.1.0
Check: R code for possible problems
Result: NOTE
    Initiating curl with CURL_SSL_BACKEND: openssl
Flavor: r-oldrel-windows-ix86+x86_64