Last updated on 2023-06-07 14:00:43 CEST.
Flavor | Version | Tinstall | Tcheck | Ttotal | Status | Flags |
---|---|---|---|---|---|---|
r-devel-linux-x86_64-debian-clang | 0.1.1 | 6.34 | 131.84 | 138.18 | OK | |
r-devel-linux-x86_64-debian-gcc | 0.1.1 | 3.49 | 95.41 | 98.90 | OK | |
r-devel-linux-x86_64-fedora-clang | 0.1.1 | 171.92 | NOTE | |||
r-devel-linux-x86_64-fedora-gcc | 0.1.1 | 184.16 | OK | |||
r-devel-windows-x86_64 | 0.1.1 | 10.00 | 123.00 | 133.00 | OK | |
r-patched-linux-x86_64 | 0.1.1 | 4.98 | 124.33 | 129.31 | OK | |
r-release-linux-x86_64 | 0.1.1 | 4.27 | 121.12 | 125.39 | OK | |
r-release-macos-arm64 | 0.1.1 | 54.00 | OK | |||
r-release-macos-x86_64 | 0.1.1 | 87.00 | OK | |||
r-release-windows-x86_64 | 0.1.1 | 11.00 | 143.00 | 154.00 | OK | |
r-oldrel-macos-arm64 | 0.1.1 | 35.00 | OK | |||
r-oldrel-macos-x86_64 | 0.1.1 | 50.00 | OK | |||
r-oldrel-windows-x86_64 | 0.1.1 | 12.00 | 142.00 | 154.00 | OK |
Version: 0.1.1
Check: Rd cross-references
Result: NOTE
Undeclared packages ‘parameters’, ‘performance’, ‘gt’ in Rd xrefs
Flavor: r-devel-linux-x86_64-fedora-clang