CRAN Package Check Results for Package panelr

Last updated on 2020-08-12 21:49:50 CEST.

Flavor Version Tinstall Tcheck Ttotal Status Flags
r-devel-linux-x86_64-debian-clang 0.7.3 17.14 187.42 204.56 ERROR
r-devel-linux-x86_64-debian-gcc 0.7.3 14.49 246.09 260.58 ERROR
r-devel-linux-x86_64-fedora-clang 0.7.3 428.34 ERROR
r-devel-linux-x86_64-fedora-gcc 0.7.3 423.84 ERROR
r-devel-windows-ix86+x86_64 0.7.3 45.00 545.00 590.00 OK
r-patched-linux-x86_64 0.7.3 17.32 321.66 338.98 ERROR
r-patched-solaris-x86 0.7.3 470.50 ERROR
r-release-linux-x86_64 0.7.3 16.43 179.87 196.30 ERROR
r-release-macos-x86_64 0.7.3 OK
r-release-windows-ix86+x86_64 0.7.3 48.00 526.00 574.00 OK
r-oldrel-macos-x86_64 0.7.3 OK
r-oldrel-windows-ix86+x86_64 0.7.3 25.00 395.00 420.00 OK

Check Details

Version: 0.7.3
Check: package dependencies
Result: NOTE
    Packages suggested but not available for checking:
     'broom.mixed', 'clubSandwich', 'geepack', 'skimr', 'tidyr'
Flavors: r-devel-linux-x86_64-debian-clang, r-release-linux-x86_64

Version: 0.7.3
Check: examples
Result: ERROR
    Running examples in 'panelr-Ex.R' failed
    The error most likely occurred in:
    
    > base::assign(".ptime", proc.time(), pos = "CheckExEnv")
    > ### Name: asym_gee
    > ### Title: Asymmetric effects models fit with GEE
    > ### Aliases: asym_gee
    >
    > ### ** Examples
    >
    > data("WageData")
    > wages <- panel_data(WageData, id = id, wave = t)
    > model <- asym_gee(lwage ~ lag(union) + wks, data = wages)
    Loading required namespace: geepack
    Failed with error: 'there is no package called 'geepack''
    Error: You must have 'geepack' installed to use this function.
    Backtrace:
     1. panelr::asym_gee(lwage ~ lag(union) + wks, data = wages)
     2. panelr:::need_package("geepack")
    Execution halted
Flavors: r-devel-linux-x86_64-debian-clang, r-release-linux-x86_64

Version: 0.7.3
Check: tests
Result: ERROR
     Running 'testthat.R' [29s/31s]
    Running the tests in 'tests/testthat.R' failed.
    Complete output:
     > library(testthat)
     > library(panelr)
     Loading required package: lme4
     Loading required package: Matrix
    
     Attaching package: 'panelr'
    
     The following object is masked from 'package:stats':
    
     filter
    
     >
     > test_check("panelr")
     Failed with error: 'there is no package called 'skimr''
     -- 1. Error: summary.panel_data works (@test-utils.R#317) ---------------------
     no applicable method for 'select_' applied to an object of class "function"
     Backtrace:
     1. testthat::expect_output(print(summary(w, lwage, blk)))
     12. panelr:::summary.panel_data(w, lwage, blk)
     11. dplyr::select(., !!!vars)
     28. dplyr::select_(.data, .dots = compat_as_lazy_dots(...))
    
     Failed with error: 'there is no package called 'broom.mixed''
     Failed with error: 'there is no package called 'clubSandwich''
     -- 2. Error: (unknown) (@test_asym.R#12) --------------------------------------
     You must have 'clubSandwich' installed to use this function.
     Backtrace:
     1. panelr::asym(wks ~ union + lwage, data = wages)
     2. panelr:::need_package("clubSandwich")
    
     Failed with error: 'there is no package called 'geepack''
     -- 3. Error: (unknown) (@test_asym_gee.R#12) ----------------------------------
     You must have 'geepack' installed to use this function.
     Backtrace:
     1. panelr::asym_gee(wks ~ union + lwage, data = wages)
     2. panelr:::need_package("geepack")
    
     Failed with error: 'there is no package called 'clubSandwich''
     -- 4. Error: (unknown) (@test_fdm.R#12) ---------------------------------------
     You must have 'clubSandwich' installed to use this function.
     Backtrace:
     1. panelr::fdm(wks ~ union + lwage, data = wages)
     2. panelr:::need_package("clubSandwich")
    
     Failed with error: 'there is no package called 'geepack''
     -- 5. Error: (unknown) (@test_wbgee.R#11) -------------------------------------
     You must have 'geepack' installed to use this function.
     Backtrace:
     1. panelr::wbgee(wks ~ union + lwage | blk, data = wages)
     2. panelr:::need_package("geepack")
    
     Failed with error: 'there is no package called 'tidyr''
     -- 6. Error: (unknown) (@test_wbm.R#236) --------------------------------------
     To use the 'detrend' or 'balance_correction' arguments, you must have the
     'tidyr' and 'purrr' packages installed.
     Backtrace:
     1. base::suppressWarnings(...)
     3. panelr::wbm(...)
    
     == testthat results ===========================================================
     [ OK: 108 | SKIPPED: 0 | WARNINGS: 1 | FAILED: 6 ]
     1. Error: summary.panel_data works (@test-utils.R#317)
     2. Error: (unknown) (@test_asym.R#12)
     3. Error: (unknown) (@test_asym_gee.R#12)
     4. Error: (unknown) (@test_fdm.R#12)
     5. Error: (unknown) (@test_wbgee.R#11)
     6. Error: (unknown) (@test_wbm.R#236)
    
     Error: testthat unit tests failed
     Execution halted
Flavor: r-devel-linux-x86_64-debian-clang

Version: 0.7.3
Check: re-building of vignette outputs
Result: WARN
    Error(s) in re-building vignettes:
     ...
    --- re-building 'reshape.Rmd' using rmarkdown
    Loading required package: lme4
    Loading required package: Matrix
    
    Attaching package: 'panelr'
    
    The following object is masked from 'package:stats':
    
     filter
    
    --- finished re-building 'reshape.Rmd'
    
    --- re-building 'wbm.Rmd' using rmarkdown
    Loading required package: lme4
    Loading required package: Matrix
    
    Attaching package: 'panelr'
    
    The following object is masked from 'package:stats':
    
     filter
    
    Loading required namespace: geepack
    Failed with error: 'there is no package called 'geepack''
    Quitting from lines 379-381 (wbm.Rmd)
    Error: processing vignette 'wbm.Rmd' failed with diagnostics:
    You must have 'geepack' installed to use this function.
    --- failed re-building 'wbm.Rmd'
    
    SUMMARY: processing the following file failed:
     'wbm.Rmd'
    
    Error: Vignette re-building failed.
    Execution halted
Flavors: r-devel-linux-x86_64-debian-clang, r-release-linux-x86_64

Version: 0.7.3
Check: package dependencies
Result: NOTE
    Package suggested but not available for checking: ‘clubSandwich’
Flavors: r-devel-linux-x86_64-debian-gcc, r-devel-linux-x86_64-fedora-clang, r-devel-linux-x86_64-fedora-gcc, r-patched-linux-x86_64, r-patched-solaris-x86

Version: 0.7.3
Check: examples
Result: ERROR
    Running examples in ‘panelr-Ex.R’ failed
    The error most likely occurred in:
    
    > base::assign(".ptime", proc.time(), pos = "CheckExEnv")
    > ### Name: fdm
    > ### Title: Estimate first differences models using GLS
    > ### Aliases: fdm
    >
    > ### ** Examples
    >
    >
    > data("teen_poverty")
    > # Convert to long format
    > teen <- long_panel(teen_poverty, begin = 1, end = 5)
    > model <- fdm(hours ~ lag(pov) + spouse, data = teen)
    Loading required namespace: clubSandwich
    Failed with error: ‘there is no package called ‘clubSandwich’’
    Error: You must have 'clubSandwich' installed to use this function.
    Backtrace:
     1. panelr::fdm(hours ~ lag(pov) + spouse, data = teen)
     2. panelr:::need_package("clubSandwich")
    Execution halted
Flavors: r-devel-linux-x86_64-debian-gcc, r-patched-linux-x86_64

Version: 0.7.3
Check: tests
Result: ERROR
     Running ‘testthat.R’ [120s/163s]
    Running the tests in ‘tests/testthat.R’ failed.
    Complete output:
     > library(testthat)
     > library(panelr)
     Loading required package: lme4
     Loading required package: Matrix
    
     Attaching package: 'panelr'
    
     The following object is masked from 'package:stats':
    
     filter
    
     >
     > test_check("panelr")
     Failed with error: 'there is no package called 'clubSandwich''
     ── 1. Error: (unknown) (@test_asym.R#12) ──────────────────────────────────────
     You must have 'clubSandwich' installed to use this function.
     Backtrace:
     1. panelr::asym(wks ~ union + lwage, data = wages)
     2. panelr:::need_package("clubSandwich")
    
     Failed with error: 'there is no package called 'clubSandwich''
     ── 2. Error: (unknown) (@test_fdm.R#12) ───────────────────────────────────────
     You must have 'clubSandwich' installed to use this function.
     Backtrace:
     1. panelr::fdm(wks ~ union + lwage, data = wages)
     2. panelr:::need_package("clubSandwich")
    
     ══ testthat results ═══════════════════════════════════════════════════════════
     [ OK: 231 | SKIPPED: 0 | WARNINGS: 0 | FAILED: 2 ]
     1. Error: (unknown) (@test_asym.R#12)
     2. Error: (unknown) (@test_fdm.R#12)
    
     Error: testthat unit tests failed
     Execution halted
Flavor: r-devel-linux-x86_64-debian-gcc

Version: 0.7.3
Check: re-building of vignette outputs
Result: WARN
    Error(s) in re-building vignettes:
     ...
    --- re-building ‘reshape.Rmd’ using rmarkdown
    Loading required package: lme4
    Loading required package: Matrix
    
    Attaching package: 'panelr'
    
    The following object is masked from 'package:stats':
    
     filter
    
    --- finished re-building ‘reshape.Rmd’
    
    --- re-building ‘wbm.Rmd’ using rmarkdown
    Loading required package: lme4
    Loading required package: Matrix
    
    Attaching package: 'panelr'
    
    The following object is masked from 'package:stats':
    
     filter
    
    Loading required namespace: geepack
    Loading required namespace: clubSandwich
    Failed with error: 'there is no package called 'clubSandwich''
    Quitting from lines 443-445 (wbm.Rmd)
    Error: processing vignette 'wbm.Rmd' failed with diagnostics:
    You must have 'clubSandwich' installed to use this function.
    --- failed re-building ‘wbm.Rmd’
    
    SUMMARY: processing the following file failed:
     ‘wbm.Rmd’
    
    Error: Vignette re-building failed.
    Execution halted
Flavors: r-devel-linux-x86_64-debian-gcc, r-patched-linux-x86_64

Version: 0.7.3
Check: Rd cross-references
Result: NOTE
    Undeclared package ‘AER’ in Rd xrefs
Flavor: r-devel-linux-x86_64-fedora-clang

Version: 0.7.3
Check: examples
Result: ERROR
    Running examples in ‘panelr-Ex.R’ failed
    The error most likely occurred in:
    
    > ### Name: fdm
    > ### Title: Estimate first differences models using GLS
    > ### Aliases: fdm
    >
    > ### ** Examples
    >
    >
    > data("teen_poverty")
    > # Convert to long format
    > teen <- long_panel(teen_poverty, begin = 1, end = 5)
    > model <- fdm(hours ~ lag(pov) + spouse, data = teen)
    Loading required namespace: clubSandwich
    Failed with error: ‘there is no package called ‘clubSandwich’’
    Error: You must have 'clubSandwich' installed to use this function.
    Backtrace:
     1. panelr::fdm(hours ~ lag(pov) + spouse, data = teen)
     2. panelr:::need_package("clubSandwich")
    Execution halted
Flavors: r-devel-linux-x86_64-fedora-clang, r-devel-linux-x86_64-fedora-gcc, r-patched-solaris-x86

Version: 0.7.3
Check: tests
Result: ERROR
     Running ‘testthat.R’ [3m/10m]
    Running the tests in ‘tests/testthat.R’ failed.
    Complete output:
     > library(testthat)
     > library(panelr)
     Loading required package: lme4
     Loading required package: Matrix
    
     Attaching package: 'panelr'
    
     The following object is masked from 'package:stats':
    
     filter
    
     >
     > test_check("panelr")
     Failed with error: 'there is no package called 'clubSandwich''
     ── 1. Error: (unknown) (@test_asym.R#12) ──────────────────────────────────────
     You must have 'clubSandwich' installed to use this function.
     Backtrace:
     1. panelr::asym(wks ~ union + lwage, data = wages)
     2. panelr:::need_package("clubSandwich")
    
     Failed with error: 'there is no package called 'clubSandwich''
     ── 2. Error: (unknown) (@test_fdm.R#12) ───────────────────────────────────────
     You must have 'clubSandwich' installed to use this function.
     Backtrace:
     1. panelr::fdm(wks ~ union + lwage, data = wages)
     2. panelr:::need_package("clubSandwich")
    
     ══ testthat results ═══════════════════════════════════════════════════════════
     [ OK: 231 | SKIPPED: 0 | WARNINGS: 0 | FAILED: 2 ]
     1. Error: (unknown) (@test_asym.R#12)
     2. Error: (unknown) (@test_fdm.R#12)
    
     Error: testthat unit tests failed
     Execution halted
Flavor: r-devel-linux-x86_64-fedora-clang

Version: 0.7.3
Check: re-building of vignette outputs
Result: WARN
    Error(s) in re-building vignettes:
    --- re-building ‘reshape.Rmd’ using rmarkdown
    Loading required package: lme4
    Loading required package: Matrix
    
    Attaching package: 'panelr'
    
    The following object is masked from 'package:stats':
    
     filter
    
    --- finished re-building ‘reshape.Rmd’
    
    --- re-building ‘wbm.Rmd’ using rmarkdown
    Loading required package: lme4
    Loading required package: Matrix
    
    Attaching package: 'panelr'
    
    The following object is masked from 'package:stats':
    
     filter
    
    Loading required namespace: geepack
    Loading required namespace: clubSandwich
    Failed with error: 'there is no package called 'clubSandwich''
    Quitting from lines 443-445 (wbm.Rmd)
    Error: processing vignette 'wbm.Rmd' failed with diagnostics:
    You must have 'clubSandwich' installed to use this function.
    --- failed re-building ‘wbm.Rmd’
    
    SUMMARY: processing the following file failed:
     ‘wbm.Rmd’
    
    Error: Vignette re-building failed.
    Execution halted
Flavors: r-devel-linux-x86_64-fedora-clang, r-devel-linux-x86_64-fedora-gcc

Version: 0.7.3
Check: tests
Result: ERROR
     Running ‘testthat.R’ [3m/11m]
    Running the tests in ‘tests/testthat.R’ failed.
    Complete output:
     > library(testthat)
     > library(panelr)
     Loading required package: lme4
     Loading required package: Matrix
    
     Attaching package: 'panelr'
    
     The following object is masked from 'package:stats':
    
     filter
    
     >
     > test_check("panelr")
     Failed with error: 'there is no package called 'clubSandwich''
     ── 1. Error: (unknown) (@test_asym.R#12) ──────────────────────────────────────
     You must have 'clubSandwich' installed to use this function.
     Backtrace:
     1. panelr::asym(wks ~ union + lwage, data = wages)
     2. panelr:::need_package("clubSandwich")
    
     Failed with error: 'there is no package called 'clubSandwich''
     ── 2. Error: (unknown) (@test_fdm.R#12) ───────────────────────────────────────
     You must have 'clubSandwich' installed to use this function.
     Backtrace:
     1. panelr::fdm(wks ~ union + lwage, data = wages)
     2. panelr:::need_package("clubSandwich")
    
     ══ testthat results ═══════════════════════════════════════════════════════════
     [ OK: 231 | SKIPPED: 0 | WARNINGS: 0 | FAILED: 2 ]
     1. Error: (unknown) (@test_asym.R#12)
     2. Error: (unknown) (@test_fdm.R#12)
    
     Error: testthat unit tests failed
     Execution halted
Flavor: r-devel-linux-x86_64-fedora-gcc

Version: 0.7.3
Check: tests
Result: ERROR
     Running ‘testthat.R’ [159s/171s]
    Running the tests in ‘tests/testthat.R’ failed.
    Complete output:
     > library(testthat)
     > library(panelr)
     Loading required package: lme4
     Loading required package: Matrix
    
     Attaching package: 'panelr'
    
     The following object is masked from 'package:stats':
    
     filter
    
     >
     > test_check("panelr")
     Failed with error: 'there is no package called 'clubSandwich''
     ── 1. Error: (unknown) (@test_asym.R#12) ──────────────────────────────────────
     You must have 'clubSandwich' installed to use this function.
     Backtrace:
     1. panelr::asym(wks ~ union + lwage, data = wages)
     2. panelr:::need_package("clubSandwich")
    
     Failed with error: 'there is no package called 'clubSandwich''
     ── 2. Error: (unknown) (@test_fdm.R#12) ───────────────────────────────────────
     You must have 'clubSandwich' installed to use this function.
     Backtrace:
     1. panelr::fdm(wks ~ union + lwage, data = wages)
     2. panelr:::need_package("clubSandwich")
    
     ══ testthat results ═══════════════════════════════════════════════════════════
     [ OK: 231 | SKIPPED: 0 | WARNINGS: 0 | FAILED: 2 ]
     1. Error: (unknown) (@test_asym.R#12)
     2. Error: (unknown) (@test_fdm.R#12)
    
     Error: testthat unit tests failed
     Execution halted
Flavor: r-patched-linux-x86_64

Version: 0.7.3
Check: tests
Result: ERROR
     Running ‘testthat.R’ [194s/194s]
    Running the tests in ‘tests/testthat.R’ failed.
    Complete output:
     > library(testthat)
     > library(panelr)
     Loading required package: lme4
     Loading required package: Matrix
    
     Attaching package: 'panelr'
    
     The following object is masked from 'package:stats':
    
     filter
    
     >
     > test_check("panelr")
     Failed with error: 'there is no package called 'clubSandwich''
     ── 1. Error: (unknown) (@test_asym.R#12) ──────────────────────────────────────
     You must have 'clubSandwich' installed to use this function.
     Backtrace:
     1. panelr::asym(wks ~ union + lwage, data = wages)
     2. panelr:::need_package("clubSandwich")
    
     Failed with error: 'there is no package called 'clubSandwich''
     ── 2. Error: (unknown) (@test_fdm.R#12) ───────────────────────────────────────
     You must have 'clubSandwich' installed to use this function.
     Backtrace:
     1. panelr::fdm(wks ~ union + lwage, data = wages)
     2. panelr:::need_package("clubSandwich")
    
     ══ testthat results ═══════════════════════════════════════════════════════════
     [ OK: 231 | SKIPPED: 0 | WARNINGS: 0 | FAILED: 2 ]
     1. Error: (unknown) (@test_asym.R#12)
     2. Error: (unknown) (@test_fdm.R#12)
    
     Error: testthat unit tests failed
     Execution halted
Flavor: r-patched-solaris-x86

Version: 0.7.3
Check: re-building of vignette outputs
Result: WARN
    Error(s) in re-building vignettes:
     ...
    --- re-building ‘reshape.Rmd’ using rmarkdown
    Warning in engine$weave(file, quiet = quiet, encoding = enc) :
     Pandoc (>= 1.12.3) and/or pandoc-citeproc not available. Falling back to R Markdown v1.
    Loading required package: lme4
    Loading required package: Matrix
    
    Attaching package: 'panelr'
    
    The following object is masked from 'package:stats':
    
     filter
    
    --- finished re-building ‘reshape.Rmd’
    
    --- re-building ‘wbm.Rmd’ using rmarkdown
    Warning in engine$weave(file, quiet = quiet, encoding = enc) :
     Pandoc (>= 1.12.3) and/or pandoc-citeproc not available. Falling back to R Markdown v1.
    Loading required package: lme4
    Loading required package: Matrix
    
    Attaching package: 'panelr'
    
    The following object is masked from 'package:stats':
    
     filter
    
    Loading required namespace: geepack
    Loading required namespace: clubSandwich
    Failed with error: 'there is no package called 'clubSandwich''
    Quitting from lines 443-445 (wbm.Rmd)
    Error: processing vignette 'wbm.Rmd' failed with diagnostics:
    You must have 'clubSandwich' installed to use this function.
    --- failed re-building ‘wbm.Rmd’
    
    SUMMARY: processing the following file failed:
     ‘wbm.Rmd’
    
    Error: Vignette re-building failed.
    Execution halted
Flavor: r-patched-solaris-x86

Version: 0.7.3
Check: tests
Result: ERROR
     Running ‘testthat.R’ [28s/30s]
    Running the tests in ‘tests/testthat.R’ failed.
    Complete output:
     > library(testthat)
     > library(panelr)
     Loading required package: lme4
     Loading required package: Matrix
    
     Attaching package: 'panelr'
    
     The following object is masked from 'package:stats':
    
     filter
    
     >
     > test_check("panelr")
     Failed with error: 'there is no package called 'skimr''
     ── 1. Error: summary.panel_data works (@test-utils.R#317) ─────────────────────
     no applicable method for 'select_' applied to an object of class "function"
     Backtrace:
     1. testthat::expect_output(print(summary(w, lwage, blk)))
     12. panelr:::summary.panel_data(w, lwage, blk)
     11. dplyr::select(., !!!vars)
     28. dplyr::select_(.data, .dots = compat_as_lazy_dots(...))
    
     Failed with error: 'there is no package called 'broom.mixed''
     Failed with error: 'there is no package called 'clubSandwich''
     ── 2. Error: (unknown) (@test_asym.R#12) ──────────────────────────────────────
     You must have 'clubSandwich' installed to use this function.
     Backtrace:
     1. panelr::asym(wks ~ union + lwage, data = wages)
     2. panelr:::need_package("clubSandwich")
    
     Failed with error: 'there is no package called 'geepack''
     ── 3. Error: (unknown) (@test_asym_gee.R#12) ──────────────────────────────────
     You must have 'geepack' installed to use this function.
     Backtrace:
     1. panelr::asym_gee(wks ~ union + lwage, data = wages)
     2. panelr:::need_package("geepack")
    
     Failed with error: 'there is no package called 'clubSandwich''
     ── 4. Error: (unknown) (@test_fdm.R#12) ───────────────────────────────────────
     You must have 'clubSandwich' installed to use this function.
     Backtrace:
     1. panelr::fdm(wks ~ union + lwage, data = wages)
     2. panelr:::need_package("clubSandwich")
    
     Failed with error: 'there is no package called 'geepack''
     ── 5. Error: (unknown) (@test_wbgee.R#11) ─────────────────────────────────────
     You must have 'geepack' installed to use this function.
     Backtrace:
     1. panelr::wbgee(wks ~ union + lwage | blk, data = wages)
     2. panelr:::need_package("geepack")
    
     Failed with error: 'there is no package called 'tidyr''
     ── 6. Error: (unknown) (@test_wbm.R#236) ──────────────────────────────────────
     To use the 'detrend' or 'balance_correction' arguments, you must have the
     'tidyr' and 'purrr' packages installed.
     Backtrace:
     1. base::suppressWarnings(...)
     3. panelr::wbm(...)
    
     ══ testthat results ═══════════════════════════════════════════════════════════
     [ OK: 108 | SKIPPED: 0 | WARNINGS: 1 | FAILED: 6 ]
     1. Error: summary.panel_data works (@test-utils.R#317)
     2. Error: (unknown) (@test_asym.R#12)
     3. Error: (unknown) (@test_asym_gee.R#12)
     4. Error: (unknown) (@test_fdm.R#12)
     5. Error: (unknown) (@test_wbgee.R#11)
     6. Error: (unknown) (@test_wbm.R#236)
    
     Error: testthat unit tests failed
     Execution halted
Flavor: r-release-linux-x86_64