CRAN Package Check Results for Package panelr

Last updated on 2021-10-18 19:51:44 CEST.

Flavor Version Tinstall Tcheck Ttotal Status Flags
r-devel-linux-x86_64-debian-clang 0.7.5 18.93 375.83 394.76 OK
r-devel-linux-x86_64-debian-gcc 0.7.5 14.38 270.96 285.34 OK
r-devel-linux-x86_64-fedora-clang 0.7.5 458.46 NOTE
r-devel-linux-x86_64-fedora-gcc 0.7.5 470.57 OK
r-devel-windows-x86_64 0.7.5 27.00 451.00 478.00 OK
r-devel-windows-x86_64-gcc10-UCRT 0.7.5 OK
r-patched-linux-x86_64 0.7.5 18.68 364.98 383.66 OK
r-patched-solaris-x86 0.7.5 594.00 OK
r-release-linux-x86_64 0.7.5 18.90 358.73 377.63 OK
r-release-macos-arm64 0.7.5 OK
r-release-macos-x86_64 0.7.5 OK
r-release-windows-ix86+x86_64 0.7.5 36.00 435.00 471.00 OK
r-oldrel-macos-x86_64 0.7.5 OK
r-oldrel-windows-ix86+x86_64 0.7.5 37.00 456.00 493.00 OK

Check Details

Version: 0.7.5
Check: Rd cross-references
Result: NOTE
    Undeclared package ‘AER’ in Rd xrefs
Flavor: r-devel-linux-x86_64-fedora-clang